CRAN Package Check Results for Package RColorBrewer

Last updated on 2020-07-13 13:48:55 CEST.

Flavor Version Tinstall Tcheck Ttotal Status Flags
r-devel-linux-x86_64-debian-clang 1.1-2 2.54 19.61 22.15 NOTE
r-devel-linux-x86_64-debian-gcc 1.1-2 2.24 15.59 17.83 NOTE
r-devel-linux-x86_64-fedora-clang 1.1-2 37.13 NOTE
r-devel-linux-x86_64-fedora-gcc 1.1-2 27.17 NOTE
r-devel-windows-ix86+x86_64 1.1-2 7.00 40.00 47.00 NOTE
r-patched-linux-x86_64 1.1-2 2.86 19.70 22.56 NOTE
r-patched-solaris-x86 1.1-2 41.60 NOTE
r-release-linux-x86_64 1.1-2 2.39 19.37 21.76 NOTE
r-release-macos-x86_64 1.1-2 FAIL
r-release-windows-ix86+x86_64 1.1-2 7.00 26.00 33.00 NOTE
r-oldrel-macos-x86_64 1.1-2 NOTE
r-oldrel-windows-ix86+x86_64 1.1-2 6.00 35.00 41.00 NOTE

Check Details

Version: 1.1-2
Check: DESCRIPTION meta-information
Result: NOTE
    Malformed Description field: should contain one or more complete sentences.
Flavors: r-devel-linux-x86_64-debian-clang, r-devel-linux-x86_64-debian-gcc, r-devel-linux-x86_64-fedora-clang, r-devel-linux-x86_64-fedora-gcc, r-devel-windows-ix86+x86_64, r-patched-linux-x86_64, r-patched-solaris-x86, r-release-linux-x86_64, r-release-windows-ix86+x86_64, r-oldrel-macos-x86_64, r-oldrel-windows-ix86+x86_64

Version: 1.1-2
Check: R code for possible problems
Result: NOTE
    brewer.pal: no visible global function definition for 'rgb'
    display.brewer.all: no visible global function definition for 'par'
    display.brewer.all: no visible global function definition for 'rect'
    display.brewer.all: no visible global function definition for 'text'
    display.brewer.pal: no visible global function definition for 'image'
    Undefined global functions or variables:
     image par rect rgb text
    Consider adding
     importFrom("grDevices", "rgb")
     importFrom("graphics", "image", "par", "rect", "text")
    to your NAMESPACE file.
Flavors: r-devel-linux-x86_64-debian-clang, r-devel-linux-x86_64-debian-gcc, r-devel-linux-x86_64-fedora-clang, r-devel-linux-x86_64-fedora-gcc, r-devel-windows-ix86+x86_64, r-patched-linux-x86_64, r-patched-solaris-x86, r-release-linux-x86_64, r-release-windows-ix86+x86_64

Version: 1.1-2
Check: DESCRIPTION meta-information
Result: FAIL
Flavor: r-release-macos-x86_64

Version: 1.1-2
Check: R code for possible problems
Result: NOTE
    brewer.pal: no visible global function definition for ‘rgb’
    display.brewer.all: no visible global function definition for ‘par’
    display.brewer.all: no visible global function definition for ‘plot’
    display.brewer.all: no visible global function definition for ‘rect’
    display.brewer.all: no visible global function definition for ‘text’
    display.brewer.pal: no visible global function definition for ‘image’
    Undefined global functions or variables:
     image par plot rect rgb text
    Consider adding
     importFrom("grDevices", "rgb")
     importFrom("graphics", "image", "par", "plot", "rect", "text")
    to your NAMESPACE file.
Flavors: r-oldrel-macos-x86_64, r-oldrel-windows-ix86+x86_64