Last updated on 2022-07-05 23:55:49 CEST.
Flavor | Version | Tinstall | Tcheck | Ttotal | Status | Flags |
---|---|---|---|---|---|---|
r-devel-linux-x86_64-debian-clang | 1.98-1.7 | 21.59 | 48.75 | 70.34 | NOTE | |
r-devel-linux-x86_64-debian-gcc | 1.98-1.7 | 15.26 | 37.58 | 52.84 | NOTE | |
r-devel-linux-x86_64-fedora-clang | 1.98-1.7 | 95.24 | NOTE | |||
r-devel-linux-x86_64-fedora-gcc | 1.98-1.7 | 94.36 | NOTE | |||
r-devel-windows-x86_64 | 1.98-1.7 | 91.00 | 144.00 | 235.00 | NOTE | |
r-patched-linux-x86_64 | 1.98-1.7 | 19.59 | 46.21 | 65.80 | NOTE | |
r-release-linux-x86_64 | 1.98-1.7 | 17.10 | 46.70 | 63.80 | NOTE | |
r-release-macos-arm64 | 1.98-1.7 | 59.00 | NOTE | |||
r-release-macos-x86_64 | 1.98-1.7 | 84.00 | NOTE | |||
r-release-windows-x86_64 | 1.98-1.7 | 79.00 | 157.00 | 236.00 | NOTE | |
r-oldrel-macos-arm64 | 1.98-1.7 | 62.00 | NOTE | |||
r-oldrel-macos-x86_64 | 1.98-1.7 | 82.00 | NOTE | |||
r-oldrel-windows-ix86+x86_64 | 1.98-1.7 | 52.00 | 153.00 | 205.00 | NOTE |
Version: 1.98-1.7
Check: for GNU extensions in Makefiles
Result: NOTE
GNU make is a SystemRequirements.
Flavors: r-devel-linux-x86_64-debian-clang, r-devel-linux-x86_64-debian-gcc, r-devel-linux-x86_64-fedora-clang, r-devel-linux-x86_64-fedora-gcc, r-devel-windows-x86_64, r-patched-linux-x86_64, r-release-linux-x86_64, r-release-macos-arm64, r-release-macos-x86_64, r-release-windows-x86_64, r-oldrel-macos-arm64, r-oldrel-macos-x86_64, r-oldrel-windows-ix86+x86_64
Version: 1.98-1.7
Check: installed package size
Result: NOTE
installed size is 8.3Mb
sub-directories of 1Mb or more:
libs 6.3Mb
Flavors: r-devel-windows-x86_64, r-release-windows-x86_64, r-oldrel-windows-ix86+x86_64