CRAN Package Check Results for Package RCurl

Last updated on 2019-03-22 07:47:23 CET.

Flavor Version Tinstall Tcheck Ttotal Status Flags
r-devel-linux-x86_64-debian-clang 1.95-4.12 16.76 39.92 56.68 NOTE
r-devel-linux-x86_64-debian-gcc 1.95-4.12 13.72 32.01 45.73 NOTE
r-devel-linux-x86_64-fedora-clang 1.95-4.12 69.76 NOTE
r-devel-linux-x86_64-fedora-gcc 1.95-4.12 68.03 NOTE
r-devel-windows-ix86+x86_64 1.95-4.12 53.00 143.00 196.00 NOTE
r-patched-linux-x86_64 1.95-4.12 14.39 35.23 49.62 NOTE
r-patched-solaris-x86 1.95-4.12 80.70 NOTE --no-examples
r-release-linux-x86_64 1.95-4.12 15.71 35.73 51.44 NOTE
r-release-windows-ix86+x86_64 1.95-4.12 44.00 114.00 158.00 NOTE
r-release-osx-x86_64 1.95-4.12 NOTE
r-oldrel-windows-ix86+x86_64 1.95-4.12 60.00 132.00 192.00 NOTE
r-oldrel-osx-x86_64 1.95-4.12 NOTE

Check Details

Version: 1.95-4.12
Check: package dependencies
Result: NOTE
    Package suggested but not available for checking: 'Rcompression'
Flavors: r-devel-linux-x86_64-debian-clang, r-devel-linux-x86_64-debian-gcc, r-devel-linux-x86_64-fedora-clang, r-devel-linux-x86_64-fedora-gcc, r-devel-windows-ix86+x86_64, r-patched-linux-x86_64, r-release-linux-x86_64, r-release-windows-ix86+x86_64, r-release-osx-x86_64, r-oldrel-windows-ix86+x86_64, r-oldrel-osx-x86_64

Version: 1.95-4.12
Check: DESCRIPTION meta-information
Result: NOTE
    Deprecated license: BSD
Flavors: r-devel-linux-x86_64-debian-clang, r-devel-linux-x86_64-debian-gcc, r-devel-linux-x86_64-fedora-clang, r-devel-linux-x86_64-fedora-gcc, r-patched-linux-x86_64, r-release-linux-x86_64, r-release-osx-x86_64, r-oldrel-osx-x86_64

Version: 1.95-4.12
Check: top-level files
Result: NOTE
    Non-standard files/directories found at top level:
     'Changes.html' 'CodeGeneration' 'README.windows' 'Todo.html'
     'dynGC.R' 'encoding.R' 'exampleCode' 'getURL.html' 'libcurlLicense'
     'post.R' 'postForm.html'
Flavors: r-devel-linux-x86_64-debian-clang, r-devel-linux-x86_64-debian-gcc, r-devel-linux-x86_64-fedora-clang, r-devel-linux-x86_64-fedora-gcc, r-patched-linux-x86_64, r-release-linux-x86_64

Version: 1.95-4.12
Check: for GNU extensions in Makefiles
Result: NOTE
    GNU make is a SystemRequirements.
Flavors: r-devel-linux-x86_64-debian-clang, r-devel-linux-x86_64-debian-gcc, r-devel-linux-x86_64-fedora-clang, r-devel-linux-x86_64-fedora-gcc, r-devel-windows-ix86+x86_64, r-patched-linux-x86_64, r-release-linux-x86_64, r-release-windows-ix86+x86_64, r-release-osx-x86_64, r-oldrel-windows-ix86+x86_64, r-oldrel-osx-x86_64

Version: 1.95-4.12
Check: whether package can be installed
Result: NOTE
    Found the following notes/warnings:
     Non-staged installation was used
Flavor: r-devel-windows-ix86+x86_64

Version: 1.95-4.12
Check: installed package size
Result: NOTE
     installed size is 6.3Mb
     sub-directories of 1Mb or more:
     libs 4.4Mb
Flavors: r-devel-windows-ix86+x86_64, r-release-windows-ix86+x86_64, r-oldrel-windows-ix86+x86_64

Version: 1.95-4.12
Flags: --no-examples
Check: package dependencies
Result: NOTE
    Package suggested but not available for checking: ‘Rcompression’
Flavor: r-patched-solaris-x86

Version: 1.95-4.12
Flags: --no-examples
Check: DESCRIPTION meta-information
Result: NOTE
    Deprecated license: BSD
Flavor: r-patched-solaris-x86

Version: 1.95-4.12
Flags: --no-examples
Check: for GNU extensions in Makefiles
Result: NOTE
    GNU make is a SystemRequirements.
Flavor: r-patched-solaris-x86