CRAN Package Check Results for Package RCurl

Last updated on 2020-02-25 10:48:35 CET.

Flavor Version Tinstall Tcheck Ttotal Status Flags
r-devel-linux-x86_64-debian-clang 1.98-1.1 18.08 42.36 60.44 NOTE
r-devel-linux-x86_64-debian-gcc 1.98-1.1 15.66 33.18 48.84 NOTE
r-devel-linux-x86_64-fedora-clang 1.98-1.1 75.79 NOTE
r-devel-linux-x86_64-fedora-gcc 1.98-1.1 74.84 NOTE
r-devel-windows-ix86+x86_64 1.98-1.1 43.00 122.00 165.00 NOTE
r-devel-windows-ix86+x86_64-gcc8 1.98-1.1 58.00 146.00 204.00 NOTE
r-patched-linux-x86_64 1.98-1.1 16.11 38.05 54.16 NOTE
r-patched-solaris-x86 1.98-1.1 93.00 NOTE --no-examples
r-release-linux-x86_64 1.98-1.1 15.85 38.34 54.19 NOTE
r-release-windows-ix86+x86_64 1.98-1.1 39.00 118.00 157.00 NOTE
r-release-osx-x86_64 1.98-1.1 NOTE
r-oldrel-windows-ix86+x86_64 1.98-1.1 64.00 139.00 203.00 NOTE
r-oldrel-osx-x86_64 1.98-1.1 NOTE

Check Details

Version: 1.98-1.1
Check: for GNU extensions in Makefiles
Result: NOTE
    GNU make is a SystemRequirements.
Flavors: r-devel-linux-x86_64-debian-clang, r-devel-linux-x86_64-debian-gcc, r-devel-linux-x86_64-fedora-clang, r-devel-linux-x86_64-fedora-gcc, r-devel-windows-ix86+x86_64, r-devel-windows-ix86+x86_64-gcc8, r-patched-linux-x86_64, r-release-linux-x86_64, r-release-windows-ix86+x86_64, r-release-osx-x86_64, r-oldrel-windows-ix86+x86_64, r-oldrel-osx-x86_64

Version: 1.98-1.1
Check: installed package size
Result: NOTE
     installed size is 6.4Mb
     sub-directories of 1Mb or more:
     libs 4.4Mb
Flavors: r-devel-windows-ix86+x86_64, r-devel-windows-ix86+x86_64-gcc8, r-release-windows-ix86+x86_64, r-oldrel-windows-ix86+x86_64

Version: 1.98-1.1
Flags: --no-examples
Check: for GNU extensions in Makefiles
Result: NOTE
    GNU make is a SystemRequirements.
Flavor: r-patched-solaris-x86