CRAN Package Check Results for Package RDM

Last updated on 2024-06-19 00:49:38 CEST.

Flavor Version Tinstall Tcheck Ttotal Status Flags
r-devel-linux-x86_64-debian-clang 0.1.1 20.92 59.60 80.52 NOTE
r-devel-linux-x86_64-debian-gcc 0.1.1 14.40 44.34 58.74 NOTE
r-devel-linux-x86_64-fedora-clang 0.1.1 106.30 NOTE
r-devel-linux-x86_64-fedora-gcc 0.1.1 101.63 NOTE
r-devel-windows-x86_64 0.1.1 19.00 85.00 104.00 NOTE
r-patched-linux-x86_64 0.1.1 17.72 56.68 74.40 NOTE
r-release-linux-x86_64 0.1.1 18.16 56.40 74.56 NOTE
r-release-macos-arm64 0.1.1 30.00 NOTE
r-release-macos-x86_64 0.1.1 44.00 NOTE
r-release-windows-x86_64 0.1.1 19.00 81.00 100.00 NOTE
r-oldrel-macos-arm64 0.1.1 34.00 OK
r-oldrel-macos-x86_64 0.1.1 50.00 OK
r-oldrel-windows-x86_64 0.1.1 22.00 95.00 117.00 OK

Check Details

Version: 0.1.1
Check: Rd files
Result: NOTE checkRd: (-1) computeCBMeasure.Rd:26: Lost braces in \itemize; meant \describe ? checkRd: (-1) computeCBMeasure.Rd:27: Lost braces in \itemize; meant \describe ? checkRd: (-1) computeCBMeasure.Rd:28: Lost braces in \itemize; meant \describe ? checkRd: (-1) computeCBMeasure.Rd:29: Lost braces in \itemize; meant \describe ? checkRd: (-1) computeCBMeasure.Rd:30: Lost braces in \itemize; meant \describe ? checkRd: (-1) rdm.Rd:52: Lost braces in \itemize; meant \describe ? checkRd: (-1) rdm.Rd:53: Lost braces in \itemize; meant \describe ? checkRd: (-1) rdm.Rd:54: Lost braces in \itemize; meant \describe ? checkRd: (-1) rdm.Rd:55: Lost braces in \itemize; meant \describe ? checkRd: (-1) rdm.Rd:56: Lost braces in \itemize; meant \describe ? Flavors: r-devel-linux-x86_64-debian-clang, r-devel-linux-x86_64-debian-gcc, r-devel-linux-x86_64-fedora-clang, r-devel-linux-x86_64-fedora-gcc, r-devel-windows-x86_64, r-patched-linux-x86_64, r-release-linux-x86_64, r-release-macos-arm64, r-release-macos-x86_64, r-release-windows-x86_64