Last updated on 2022-08-10 13:49:27 CEST.
Flavor | Version | Tinstall | Tcheck | Ttotal | Status | Flags |
---|---|---|---|---|---|---|
r-devel-linux-x86_64-debian-clang | 1.0 | 30.18 | 63.94 | 94.12 | NOTE | |
r-devel-linux-x86_64-debian-gcc | 1.0 | 25.83 | 47.77 | 73.60 | NOTE | |
r-devel-linux-x86_64-fedora-clang | 1.0 | 132.24 | NOTE | |||
r-devel-linux-x86_64-fedora-gcc | 1.0 | 129.68 | NOTE | |||
r-devel-windows-x86_64 | 1.0 | 48.00 | 87.00 | 135.00 | NOTE | |
r-patched-linux-x86_64 | 1.0 | 33.36 | 59.44 | 92.80 | NOTE | |
r-release-linux-x86_64 | 1.0 | NOTE | ||||
r-release-macos-arm64 | 1.0 | 35.00 | NOTE | |||
r-release-macos-x86_64 | 1.0 | 64.00 | NOTE | |||
r-release-windows-x86_64 | 1.0 | 46.00 | 88.00 | 134.00 | NOTE | |
r-oldrel-macos-arm64 | 1.0 | 41.00 | NOTE | |||
r-oldrel-macos-x86_64 | 1.0 | 69.00 | NOTE | |||
r-oldrel-windows-ix86+x86_64 | 1.0 | 56.00 | 81.00 | 137.00 | NOTE |
Version: 1.0
Check: LazyData
Result: NOTE
'LazyData' is specified without a 'data' directory
Flavors: r-devel-linux-x86_64-debian-clang, r-devel-linux-x86_64-debian-gcc, r-devel-linux-x86_64-fedora-clang, r-devel-linux-x86_64-fedora-gcc, r-devel-windows-x86_64, r-patched-linux-x86_64, r-release-linux-x86_64, r-release-macos-arm64, r-release-macos-x86_64, r-release-windows-x86_64, r-oldrel-macos-arm64, r-oldrel-macos-x86_64, r-oldrel-windows-ix86+x86_64