CRAN Package Check Results for Package RDataCanvas

Last updated on 2021-10-28 15:50:49 CEST.

Flavor Version Tinstall Tcheck Ttotal Status Flags
r-devel-linux-x86_64-debian-clang 0.1 1.91 19.90 21.81 NOTE
r-devel-linux-x86_64-debian-gcc 0.1 1.46 16.29 17.75 NOTE
r-devel-linux-x86_64-fedora-clang 0.1 40.10 NOTE
r-devel-linux-x86_64-fedora-gcc 0.1 26.86 NOTE
r-devel-windows-x86_64 0.1 3.00 42.00 45.00 NOTE
r-devel-windows-x86_64-gcc10-UCRT 0.1 NOTE
r-patched-linux-x86_64 0.1 1.97 19.54 21.51 NOTE
r-patched-solaris-x86 0.1 45.00 NOTE
r-release-linux-x86_64 0.1 1.97 19.50 21.47 NOTE
r-release-macos-arm64 0.1 NOTE
r-release-macos-x86_64 0.1 NOTE
r-release-windows-ix86+x86_64 0.1 4.00 39.00 43.00 NOTE
r-oldrel-macos-x86_64 0.1 OK
r-oldrel-windows-ix86+x86_64 0.1 3.00 51.00 54.00 OK

Check Details

Version: 0.1
Check: LazyData
Result: NOTE
     'LazyData' is specified without a 'data' directory
Flavors: r-devel-linux-x86_64-debian-clang, r-devel-linux-x86_64-debian-gcc, r-devel-linux-x86_64-fedora-clang, r-devel-linux-x86_64-fedora-gcc, r-devel-windows-x86_64, r-devel-windows-x86_64-gcc10-UCRT, r-patched-linux-x86_64, r-patched-solaris-x86, r-release-linux-x86_64, r-release-macos-arm64, r-release-macos-x86_64, r-release-windows-ix86+x86_64