CRAN Package Check Results for Package RDieHarder

Last updated on 2021-09-23 15:51:07 CEST.

Flavor Version Tinstall Tcheck Ttotal Status Flags
r-devel-linux-x86_64-debian-clang 0.2.1 39.64 34.49 74.13 WARN
r-devel-linux-x86_64-debian-gcc 0.2.1 28.84 27.62 56.46 WARN
r-devel-linux-x86_64-fedora-clang 0.2.1 96.27 OK
r-devel-linux-x86_64-fedora-gcc 0.2.1 101.98 WARN
r-devel-windows-x86_64 0.2.1 46.00 41.00 87.00 OK
r-devel-windows-x86_64-gcc10-UCRT 0.2.1 ERROR
r-patched-linux-x86_64 0.2.1 37.05 34.05 71.10 WARN
r-release-linux-x86_64 0.2.1 37.42 34.02 71.44 WARN
r-release-macos-arm64 0.2.1 ERROR
r-release-macos-x86_64 0.2.1 ERROR
r-release-windows-ix86+x86_64 0.2.1 114.00 60.00 174.00 WARN
r-oldrel-macos-x86_64 0.2.1 ERROR
r-oldrel-windows-ix86+x86_64 0.2.1 112.00 62.00 174.00 WARN

Additional issues

clang-ASAN M1mac M1mac

Check Details

Version: 0.2.1
Check: top-level files
Result: WARN
     Output from running autoreconf:
     configure.ac:144: warning: AC_OUTPUT should be used without arguments.
     configure.ac:144: You should run autoupdate.
     configure.ac:145: warning: AC_OUTPUT should be used without arguments.
     configure.ac:145: You should run autoupdate.
Flavors: r-devel-linux-x86_64-debian-clang, r-devel-linux-x86_64-debian-gcc, r-patched-linux-x86_64, r-release-linux-x86_64

Version: 0.2.1
Check: whether package can be installed
Result: WARN
    Found the following significant warnings:
     bits.c:1247:23: warning: array subscript 8 is outside array bounds of ‘unsigned int[1]’ [-Warray-bounds]
     bits.c:1265:18: warning: array subscript 9 is outside array bounds of ‘unsigned int[1]’ [-Warray-bounds]
Flavors: r-devel-linux-x86_64-debian-gcc, r-devel-linux-x86_64-fedora-gcc, r-patched-linux-x86_64, r-release-linux-x86_64

Version: 0.2.1
Check: whether package can be installed
Result: ERROR
    Installation failed.
Flavors: r-devel-windows-x86_64-gcc10-UCRT, r-release-macos-arm64, r-release-macos-x86_64, r-oldrel-macos-x86_64

Version: 0.2.1
Check: whether package can be installed
Result: WARN
    Found the following significant warnings:
     skein_block64.c:226:39: warning: cast from pointer to integer of different size [-Wpointer-to-int-cast]
Flavors: r-release-windows-ix86+x86_64, r-oldrel-windows-ix86+x86_64