CRAN Package Check Results for Package RDieHarder

Last updated on 2018-10-22 01:50:59 CEST.

Flavor Version Tinstall Tcheck Ttotal Status Flags
r-devel-linux-x86_64-debian-clang 0.1.4 8.38 26.69 35.07 OK
r-devel-linux-x86_64-debian-gcc 0.1.4 7.77 21.39 29.16 OK
r-patched-linux-x86_64 0.1.4 10.36 24.13 34.49 OK
r-release-linux-x86_64 0.1.4 10.26 24.36 34.62 OK
r-release-windows-ix86+x86_64 0.1.3 1.00 3.00 4.00 ERROR
r-release-osx-x86_64 0.1.4 ERROR
r-oldrel-osx-x86_64 0.1.4 ERROR

Check Details

Version: 0.1.3
Check: whether package can be installed
Result: ERROR
    Installation failed.
Flavor: r-release-windows-ix86+x86_64

Version: 0.1.4
Check: whether package can be installed
Result: ERROR
    Installation failed.
Flavors: r-release-osx-x86_64, r-oldrel-osx-x86_64