CRAN Package Check Results for Package RDieHarder

Last updated on 2018-04-19 18:55:39 CEST.

Flavor Version Tinstall Tcheck Ttotal Status Flags
r-devel-linux-x86_64-debian-clang 0.1.4 7.52 21.14 28.66 OK
r-devel-linux-x86_64-debian-gcc 0.1.4 6.96 19.35 26.31 OK
r-devel-windows-ix86+x86_64 0.1.3 1.00 3.00 4.00 ERROR
r-devel-osx-x86_64 0.1.4 ERROR
r-patched-linux-x86_64 0.1.4 9.59 23.67 33.26 OK
r-release-linux-x86_64 0.1.4 9.71 23.22 32.93 OK
r-release-osx-x86_64 0.1.4 ERROR
r-oldrel-windows-ix86+x86_64 0.1.3 1.00 3.00 4.00 ERROR

Check Details

Version: 0.1.3
Check: whether package can be installed
Result: ERROR
    Installation failed.
Flavors: r-devel-windows-ix86+x86_64, r-oldrel-windows-ix86+x86_64

Version: 0.1.4
Check: whether package can be installed
Result: ERROR
    Installation failed.
Flavors: r-devel-osx-x86_64, r-release-osx-x86_64