Last updated on 2023-03-31 23:50:32 CEST.
Flavor | Version | Tinstall | Tcheck | Ttotal | Status | Flags |
---|---|---|---|---|---|---|
r-devel-linux-x86_64-debian-clang | 0.2.5 | 44.78 | 34.41 | 79.19 | OK | |
r-devel-linux-x86_64-debian-gcc | 0.2.5 | 37.81 | 26.69 | 64.50 | OK | |
r-devel-linux-x86_64-fedora-clang | 0.2.5 | 97.60 | OK | |||
r-devel-linux-x86_64-fedora-gcc | 0.2.5 | 119.58 | OK | |||
r-devel-windows-x86_64 | 0.2.5 | 175.00 | 92.00 | 267.00 | OK | |
r-patched-linux-x86_64 | 0.2.5 | 43.90 | 33.37 | 77.27 | OK | |
r-release-linux-x86_64 | 0.2.5 | 44.62 | 33.44 | 78.06 | OK | |
r-release-macos-arm64 | 0.2.5 | 36.00 | OK | |||
r-release-macos-x86_64 | 0.2.5 | 52.00 | OK | |||
r-release-windows-x86_64 | 0.2.5 | 141.00 | 82.00 | 223.00 | OK | |
r-oldrel-macos-arm64 | 0.2.5 | 37.00 | OK | |||
r-oldrel-macos-x86_64 | 0.2.5 | 63.00 | OK | |||
r-oldrel-windows-ix86+x86_64 | 0.2.5 | 35.00 | 13.00 | 48.00 | ERROR |
Version: 0.2.5
Check: whether package can be installed
Result: ERROR
Installation failed.
Flavor: r-oldrel-windows-ix86+x86_64