CRAN Package Check Results for Package RDieHarder

Last updated on 2018-07-19 07:50:23 CEST.

Flavor Version Tinstall Tcheck Ttotal Status Flags
r-devel-linux-x86_64-debian-clang 0.1.4 7.86 22.07 29.93 OK
r-devel-linux-x86_64-debian-gcc 0.1.4 6.82 20.40 27.22 OK
r-patched-linux-x86_64 0.1.4 9.44 24.60 34.04 OK
r-release-linux-x86_64 0.1.4 8.98 24.53 33.51 OK
r-release-windows-ix86+x86_64 0.1.3 1.00 3.00 4.00 ERROR
r-release-osx-x86_64 0.1.4 ERROR
r-oldrel-osx-x86_64 0.1.4 ERROR

Check Details

Version: 0.1.3
Check: whether package can be installed
Result: ERROR
    Installation failed.
Flavor: r-release-windows-ix86+x86_64

Version: 0.1.4
Check: whether package can be installed
Result: ERROR
    Installation failed.
Flavors: r-release-osx-x86_64, r-oldrel-osx-x86_64