CRAN Package Check Results for Package RDieHarder

Last updated on 2019-01-22 01:51:08 CET.

Flavor Version Tinstall Tcheck Ttotal Status Flags
r-devel-linux-x86_64-debian-clang 0.2.0 8.91 26.61 35.52 OK
r-devel-linux-x86_64-debian-gcc 0.2.0 7.83 21.90 29.73 OK
r-devel-linux-x86_64-fedora-clang 0.2.0 73.00 OK
r-devel-linux-x86_64-fedora-gcc 0.2.0 85.07 OK
r-devel-windows-ix86+x86_64 0.2.0 295.00 68.00 363.00 WARN
r-patched-linux-x86_64 0.2.0 10.36 25.23 35.59 OK
r-release-linux-x86_64 0.2.0 11.10 25.11 36.21 OK
r-release-windows-ix86+x86_64 0.2.0 121.00 49.00 170.00 WARN
r-release-osx-x86_64 0.2.0 OK
r-oldrel-windows-ix86+x86_64 0.2.0 121.00 47.00 168.00 WARN
r-oldrel-osx-x86_64 0.2.0 OK

Additional issues

valgrind

Check Details

Version: 0.2.0
Check: whether package can be installed
Result: WARN
    Found the following significant warnings:
     skein_block64.c:226:39: warning: cast from pointer to integer of different size [-Wpointer-to-int-cast]
Flavors: r-devel-windows-ix86+x86_64, r-release-windows-ix86+x86_64, r-oldrel-windows-ix86+x86_64