Last updated on 2023-09-22 01:51:00 CEST.
Flavor | Version | Tinstall | Tcheck | Ttotal | Status | Flags |
---|---|---|---|---|---|---|
r-devel-linux-x86_64-debian-clang | 3.0.3 | 8.77 | 73.79 | 82.56 | OK | |
r-devel-linux-x86_64-debian-gcc | 3.0.3 | 5.17 | 54.65 | 59.82 | OK | |
r-devel-linux-x86_64-fedora-clang | 3.0.3 | 99.54 | NOTE | |||
r-devel-linux-x86_64-fedora-gcc | 3.0.3 | 100.38 | NOTE | |||
r-devel-windows-x86_64 | 3.0.3 | 8.00 | 92.00 | 100.00 | OK | |
r-patched-linux-x86_64 | 3.0.3 | 11.24 | 71.37 | 82.61 | OK | |
r-release-linux-x86_64 | 3.0.3 | 7.40 | 72.10 | 79.50 | OK | |
r-release-macos-arm64 | 3.0.3 | 28.00 | OK | |||
r-release-macos-x86_64 | 3.0.3 | 41.00 | OK | |||
r-release-windows-x86_64 | 3.0.3 | 8.00 | 114.00 | 122.00 | OK | |
r-oldrel-macos-arm64 | 3.0.3 | 27.00 | OK | |||
r-oldrel-macos-x86_64 | 3.0.3 | 40.00 | NOTE | |||
r-oldrel-windows-x86_64 | 3.0.3 | 17.00 | 95.00 | 112.00 | OK |
Version: 3.0.3
Check: data for non-ASCII characters
Result: NOTE
Note: found 8 marked UTF-8 strings
Flavors: r-devel-linux-x86_64-fedora-clang, r-devel-linux-x86_64-fedora-gcc, r-oldrel-macos-x86_64