CRAN Package Check Results for Package REAT

Last updated on 2024-06-23 01:53:27 CEST.

Flavor Version Tinstall Tcheck Ttotal Status Flags
r-devel-linux-x86_64-debian-clang 3.0.3 7.54 73.75 81.29 NOTE
r-devel-linux-x86_64-debian-gcc 3.0.3 6.86 55.33 62.19 NOTE
r-devel-linux-x86_64-fedora-clang 3.0.3 99.26 NOTE
r-devel-linux-x86_64-fedora-gcc 3.0.3 94.82 NOTE
r-devel-windows-x86_64 3.0.3 8.00 90.00 98.00 NOTE
r-patched-linux-x86_64 3.0.3 12.19 72.00 84.19 NOTE
r-release-linux-x86_64 3.0.3 8.09 70.43 78.52 NOTE
r-release-macos-arm64 3.0.3 26.00 NOTE
r-release-macos-x86_64 3.0.3 41.00 NOTE
r-release-windows-x86_64 3.0.3 8.00 89.00 97.00 NOTE
r-oldrel-macos-arm64 3.0.3 28.00 OK
r-oldrel-macos-x86_64 3.0.3 41.00 OK
r-oldrel-windows-x86_64 3.0.3 10.00 103.00 113.00 OK

Check Details

Version: 3.0.3
Check: Rd files
Result: NOTE checkRd: (-1) Automotive.Rd:29: Lost braces 29 | Wikipedia (2018): \dQuote{Automobilindustrie --- Wikipedia{,} Die freie Enzyklopaedie}. \url{https://de.wikipedia.org/wiki/Automobilindustrie} (accessed October 14, 2018). Own postprocessing. | ^ checkRd: (-1) Automotive.Rd:33: Lost braces 33 | Wikipedia (2018): \dQuote{Automobilindustrie --- Wikipedia{,} Die freie Enzyklopaedie}. \url{https://de.wikipedia.org/wiki/Automobilindustrie} (accessed October 14, 2018). | ^ Flavors: r-devel-linux-x86_64-debian-clang, r-devel-linux-x86_64-debian-gcc, r-devel-linux-x86_64-fedora-clang, r-devel-linux-x86_64-fedora-gcc, r-devel-windows-x86_64, r-patched-linux-x86_64, r-release-linux-x86_64, r-release-macos-arm64, r-release-macos-x86_64, r-release-windows-x86_64

Version: 3.0.3
Check: data for non-ASCII characters
Result: NOTE Note: found 8 marked UTF-8 strings Flavors: r-devel-linux-x86_64-fedora-clang, r-devel-linux-x86_64-fedora-gcc