CRAN Package Check Results for Package REGENT

Last updated on 2022-12-06 21:51:34 CET.

Flavor Version Tinstall Tcheck Ttotal Status Flags
r-devel-linux-x86_64-debian-clang 1.0.6 4.63 58.65 63.28 NOTE
r-devel-linux-x86_64-debian-gcc 1.0.6 3.63 42.63 46.26 NOTE
r-devel-linux-x86_64-fedora-clang 1.0.6 86.97 NOTE
r-devel-linux-x86_64-fedora-gcc 1.0.6 85.09 NOTE
r-devel-windows-x86_64 1.0.6 14.00 70.00 84.00 OK
r-patched-linux-x86_64 1.0.6 4.57 54.87 59.44 NOTE
r-release-linux-x86_64 1.0.6 3.78 57.18 60.96 NOTE
r-release-macos-arm64 1.0.6 18.00 OK
r-release-macos-x86_64 1.0.6 30.00 OK
r-release-windows-x86_64 1.0.6 7.00 65.00 72.00 OK
r-oldrel-macos-arm64 1.0.6 26.00 OK
r-oldrel-macos-x86_64 1.0.6 41.00 OK
r-oldrel-windows-ix86+x86_64 1.0.6 7.00 51.00 58.00 OK

Check Details

Version: 1.0.6
Check: for non-standard things in the check directory
Result: NOTE
    Found the following files/directories:
     'EnvironmentalA.txt' 'EnvironmentalB.txt' 'Example.txt'
     'Example_Predictions.txt' 'Example_RRDist.txt'
     'Example_RRDistCol.TIF' 'Example_RRDistGrey.TIF' 'GeneticA.txt'
     'GeneticB.txt' 'Inds.txt'
Flavors: r-devel-linux-x86_64-debian-clang, r-devel-linux-x86_64-debian-gcc, r-devel-linux-x86_64-fedora-clang, r-devel-linux-x86_64-fedora-gcc, r-patched-linux-x86_64, r-release-linux-x86_64