CRAN Package Check Results for Package REGENT

Last updated on 2019-06-19 18:52:51 CEST.

Flavor Version Tinstall Tcheck Ttotal Status Flags
r-devel-linux-x86_64-debian-clang 1.0.6 4.03 37.03 41.06 NOTE
r-devel-linux-x86_64-debian-gcc 1.0.6 3.02 28.09 31.11 NOTE
r-devel-linux-x86_64-fedora-clang 1.0.6 47.05 NOTE
r-devel-linux-x86_64-fedora-gcc 1.0.6 45.35 NOTE
r-devel-windows-ix86+x86_64 1.0.6 7.00 41.00 48.00 OK
r-patched-linux-x86_64 1.0.6 3.04 36.09 39.13 OK
r-patched-solaris-x86 1.0.6 65.10 OK
r-release-linux-x86_64 1.0.6 3.48 36.65 40.13 OK
r-release-windows-ix86+x86_64 1.0.6 6.00 53.00 59.00 OK
r-release-osx-x86_64 1.0.6 OK
r-oldrel-windows-ix86+x86_64 1.0.6 5.00 39.00 44.00 OK
r-oldrel-osx-x86_64 1.0.6 OK

Check Details

Version: 1.0.6
Check: for non-standard things in the check directory
Result: NOTE
    Found the following files/directories:
     'EnvironmentalA.txt' 'EnvironmentalB.txt' 'Example.txt'
     'Example_Predictions.txt' 'Example_RRDist.txt'
     'Example_RRDistCol.TIF' 'Example_RRDistGrey.TIF' 'GeneticA.txt'
     'GeneticB.txt' 'Inds.txt'
Flavors: r-devel-linux-x86_64-debian-clang, r-devel-linux-x86_64-debian-gcc, r-devel-linux-x86_64-fedora-clang, r-devel-linux-x86_64-fedora-gcc