CRAN Package Check Results for Package REIDS

Last updated on 2018-08-14 15:48:41 CEST.

Flavor Version Tinstall Tcheck Ttotal Status Flags
r-devel-linux-x86_64-debian-clang 0.1.0 26.84 243.24 270.08 OK
r-devel-linux-x86_64-debian-gcc 0.1.0 20.08 195.31 215.39 OK
r-devel-linux-x86_64-fedora-clang 0.1.0 316.21 OK
r-devel-linux-x86_64-fedora-gcc 0.1.0 318.24 OK
r-devel-windows-ix86+x86_64 0.1.0 57.00 325.00 382.00 OK
r-patched-linux-x86_64 0.1.0 21.73 201.55 223.28 OK
r-patched-solaris-x86 0.1.0 399.40 OK
r-release-linux-x86_64 0.1.0 21.84 203.25 225.09 OK
r-release-windows-ix86+x86_64 0.1.0 33.00 288.00 321.00 OK
r-release-osx-x86_64 0.1.0 ERROR
r-oldrel-windows-ix86+x86_64 0.1.0 46.00 324.00 370.00 OK
r-oldrel-osx-x86_64 0.1.0 ERROR

Check Details

Version: 0.1.0
Check: package dependencies
Result: ERROR
    Package required but not available: ‘GenomeGraphs’
    
    See section ‘The DESCRIPTION file’ in the ‘Writing R Extensions’
    manual.
Flavors: r-release-osx-x86_64, r-oldrel-osx-x86_64