CRAN Package Check Results for Package REIDS

Last updated on 2018-10-17 11:48:52 CEST.

Flavor Version Tinstall Tcheck Ttotal Status Flags
r-devel-linux-x86_64-debian-clang 0.1.0 25.96 244.63 270.59 OK
r-devel-linux-x86_64-debian-gcc 0.1.0 21.83 192.79 214.62 OK
r-devel-linux-x86_64-fedora-clang 0.1.0 318.94 OK
r-devel-linux-x86_64-fedora-gcc 0.1.0 314.76 OK
r-devel-windows-ix86+x86_64 0.1.0 58.00 326.00 384.00 OK
r-patched-linux-x86_64 0.1.0 15.48 202.92 218.40 OK
r-patched-solaris-x86 0.1.0 393.40 OK
r-release-linux-x86_64 0.1.0 15.03 202.78 217.81 OK
r-release-windows-ix86+x86_64 0.1.0 49.00 256.00 305.00 OK
r-release-osx-x86_64 0.1.0 ERROR
r-oldrel-windows-ix86+x86_64 0.1.0 51.00 261.00 312.00 OK
r-oldrel-osx-x86_64 0.1.0 ERROR

Check Details

Version: 0.1.0
Check: package dependencies
Result: ERROR
    Package required but not available: ‘GenomeGraphs’
    
    See section ‘The DESCRIPTION file’ in the ‘Writing R Extensions’
    manual.
Flavors: r-release-osx-x86_64, r-oldrel-osx-x86_64