CRAN Package Check Results for Package REIDS

Last updated on 2018-06-18 01:46:50 CEST.

Flavor Version Tinstall Tcheck Ttotal Status Flags
r-devel-linux-x86_64-debian-clang 0.0.2 19.73 209.67 229.40 OK
r-devel-linux-x86_64-debian-gcc 0.0.2 14.67 185.40 200.07 OK
r-devel-linux-x86_64-fedora-clang 0.0.2 306.67 OK
r-devel-linux-x86_64-fedora-gcc 0.0.2 296.61 OK
r-devel-windows-ix86+x86_64 0.0.2 47.00 309.00 356.00 OK
r-patched-linux-x86_64 0.0.2 16.61 196.26 212.87 OK
r-patched-solaris-x86 0.0.2 367.20 OK
r-release-linux-x86_64 0.0.2 16.78 196.30 213.08 OK
r-release-windows-ix86+x86_64 0.0.2 40.00 255.00 295.00 OK
r-release-osx-x86_64 0.0.2 ERROR
r-oldrel-windows-ix86+x86_64 0.0.2 34.00 313.00 347.00 OK
r-oldrel-osx-x86_64 0.0.2 ERROR

Check Details

Version: 0.0.2
Check: package dependencies
Result: ERROR
    Package required but not available: ‘GenomeGraphs’
    
    See section ‘The DESCRIPTION file’ in the ‘Writing R Extensions’
    manual.
Flavors: r-release-osx-x86_64, r-oldrel-osx-x86_64