CRAN Package Check Results for Package REIDS

Last updated on 2019-01-16 20:50:21 CET.

Flavor Version Tinstall Tcheck Ttotal Status Flags
r-devel-linux-x86_64-debian-clang 0.1.0 23.11 215.55 238.66 OK
r-devel-linux-x86_64-debian-gcc 0.1.0 21.35 168.69 190.04 OK
r-devel-linux-x86_64-fedora-clang 0.1.0 286.24 OK
r-devel-linux-x86_64-fedora-gcc 0.1.0 267.43 OK
r-devel-windows-ix86+x86_64 0.1.0 34.00 190.00 224.00 OK
r-patched-linux-x86_64 0.1.0 20.48 204.29 224.77 OK
r-patched-solaris-x86 0.1.0 414.00 OK
r-release-linux-x86_64 0.1.0 21.62 202.94 224.56 OK
r-release-windows-ix86+x86_64 0.1.0 53.00 202.00 255.00 OK
r-release-osx-x86_64 0.1.0 ERROR
r-oldrel-windows-ix86+x86_64 0.1.0 28.00 215.00 243.00 OK
r-oldrel-osx-x86_64 0.1.0 ERROR

Check Details

Version: 0.1.0
Check: package dependencies
Result: ERROR
    Package required but not available: ‘GenomeGraphs’
    
    See section ‘The DESCRIPTION file’ in the ‘Writing R Extensions’
    manual.
Flavors: r-release-osx-x86_64, r-oldrel-osx-x86_64