CRAN Package Check Results for Package REMLA

Last updated on 2024-06-13 15:48:36 CEST.

Flavor Version Tinstall Tcheck Ttotal Status Flags
r-devel-linux-x86_64-debian-clang 1.1 3.74 717.05 720.79 OK
r-devel-linux-x86_64-debian-gcc 1.1 0.36 1.86 2.22 ERROR
r-devel-linux-x86_64-fedora-clang 1.1 849.78 OK
r-devel-linux-x86_64-fedora-gcc 1.1 809.28 OK
r-devel-windows-x86_64 1.1 5.00 444.00 449.00 OK
r-patched-linux-x86_64 1.1 10.84 648.39 659.23 OK
r-release-linux-x86_64 1.1 3.60 662.51 666.11 OK
r-release-macos-arm64 1.1 173.00 OK
r-release-macos-x86_64 1.1 324.00 OK
r-release-windows-x86_64 1.1 4.00 434.00 438.00 OK
r-oldrel-macos-arm64 1.1 184.00 OK
r-oldrel-macos-x86_64 1.1 381.00 OK
r-oldrel-windows-x86_64 1.1 5.00 615.00 620.00 OK

Check Details

Version: 1.1
Check: package dependencies
Result: ERROR Package required but not available: ‘geex’ Package suggested but not available for checking: ‘testthat’ See section ‘The DESCRIPTION file’ in the ‘Writing R Extensions’ manual. Flavor: r-devel-linux-x86_64-debian-gcc