CRAN Package Check Results for Package REPLesentR

Last updated on 2024-06-13 17:49:24 CEST.

Flavor Version Tinstall Tcheck Ttotal Status Flags
r-devel-linux-x86_64-debian-clang 0.4.1 3.57 40.18 43.75 NOTE
r-devel-linux-x86_64-debian-gcc 0.4.1 0.34 1.70 2.04 ERROR
r-devel-linux-x86_64-fedora-clang 0.4.1 57.24 NOTE
r-devel-linux-x86_64-fedora-gcc 0.4.1 51.73 NOTE
r-devel-windows-x86_64 0.4.1 4.00 49.00 53.00 NOTE
r-patched-linux-x86_64 0.4.1 3.65 39.65 43.30 NOTE
r-release-linux-x86_64 0.4.1 3.21 38.89 42.10 NOTE
r-release-macos-arm64 0.4.1 19.00 NOTE
r-release-macos-x86_64 0.4.1 29.00 NOTE
r-release-windows-x86_64 0.4.1 4.00 49.00 53.00 NOTE
r-oldrel-macos-arm64 0.4.1 21.00 NOTE
r-oldrel-macos-x86_64 0.4.1 32.00 NOTE
r-oldrel-windows-x86_64 0.4.1 6.00 54.00 60.00 NOTE

Check Details

Version: 0.4.1
Check: LazyData
Result: NOTE 'LazyData' is specified without a 'data' directory Flavors: r-devel-linux-x86_64-debian-clang, r-devel-linux-x86_64-fedora-clang, r-devel-linux-x86_64-fedora-gcc, r-devel-windows-x86_64, r-patched-linux-x86_64, r-release-linux-x86_64, r-release-macos-arm64, r-release-macos-x86_64, r-release-windows-x86_64, r-oldrel-macos-arm64, r-oldrel-macos-x86_64, r-oldrel-windows-x86_64

Version: 0.4.1
Check: package dependencies
Result: ERROR Package required but not available: ‘dat’ Package suggested but not available for checking: ‘testthat’ See section ‘The DESCRIPTION file’ in the ‘Writing R Extensions’ manual. Flavor: r-devel-linux-x86_64-debian-gcc