CRAN Package Check Results for Package REST

Last updated on 2019-12-06 14:47:06 CET.

Flavor Version Tinstall Tcheck Ttotal Status Flags
r-devel-linux-x86_64-debian-clang 1.0.1 15.59 117.15 132.74 NOTE
r-devel-linux-x86_64-debian-gcc 1.0.1 13.40 89.05 102.45 NOTE
r-devel-linux-x86_64-fedora-clang 1.0.1 151.66 NOTE
r-devel-linux-x86_64-fedora-gcc 1.0.1 162.74 NOTE
r-devel-windows-ix86+x86_64 1.0.1 33.00 164.00 197.00 NOTE
r-devel-windows-ix86+x86_64-gcc8 1.0.1 34.00 117.00 151.00 NOTE
r-patched-linux-x86_64 1.0.1 13.07 105.65 118.72 NOTE
r-patched-solaris-x86 1.0.1 240.60 NOTE
r-release-linux-x86_64 1.0.1 14.33 103.72 118.05 NOTE
r-release-windows-ix86+x86_64 1.0.1 39.00 115.00 154.00 NOTE
r-release-osx-x86_64 1.0.1 NOTE
r-oldrel-windows-ix86+x86_64 1.0.1 32.00 204.00 236.00 NOTE
r-oldrel-osx-x86_64 1.0.1 NOTE

Check Details

Version: 1.0.1
Check: R code for possible problems
Result: NOTE
    GUI_template : onHelp: no visible global function definition for 'help'
    Undefined global functions or variables:
     help
    Consider adding
     importFrom("utils", "help")
    to your NAMESPACE file.
Flavors: r-devel-linux-x86_64-debian-clang, r-devel-linux-x86_64-debian-gcc, r-devel-linux-x86_64-fedora-clang, r-devel-linux-x86_64-fedora-gcc, r-devel-windows-ix86+x86_64, r-devel-windows-ix86+x86_64-gcc8, r-patched-linux-x86_64, r-patched-solaris-x86, r-release-linux-x86_64, r-release-windows-ix86+x86_64, r-release-osx-x86_64, r-oldrel-windows-ix86+x86_64, r-oldrel-osx-x86_64