CRAN Package Check Results for Package REST

Last updated on 2020-01-26 19:49:39 CET.

Flavor Version Tinstall Tcheck Ttotal Status Flags
r-devel-linux-x86_64-debian-clang 1.0.1 15.71 116.17 131.88 NOTE
r-devel-linux-x86_64-debian-gcc 1.0.1 13.62 89.63 103.25 NOTE
r-devel-linux-x86_64-fedora-clang 1.0.1 163.70 NOTE
r-devel-linux-x86_64-fedora-gcc 1.0.1 163.98 NOTE
r-devel-windows-ix86+x86_64 1.0.1 51.00 161.00 212.00 NOTE
r-devel-windows-ix86+x86_64-gcc8 1.0.1 55.00 172.00 227.00 NOTE
r-patched-linux-x86_64 1.0.1 14.33 102.47 116.80 NOTE
r-patched-solaris-x86 1.0.1 242.40 NOTE
r-release-linux-x86_64 1.0.1 13.31 104.17 117.48 NOTE
r-release-windows-ix86+x86_64 1.0.1 32.00 117.00 149.00 NOTE
r-release-osx-x86_64 1.0.1 NOTE
r-oldrel-windows-ix86+x86_64 1.0.1 19.00 109.00 128.00 NOTE
r-oldrel-osx-x86_64 1.0.1 NOTE

Check Details

Version: 1.0.1
Check: R code for possible problems
Result: NOTE
    GUI_template : onHelp: no visible global function definition for 'help'
    Undefined global functions or variables:
     help
    Consider adding
     importFrom("utils", "help")
    to your NAMESPACE file.
Flavors: r-devel-linux-x86_64-debian-clang, r-devel-linux-x86_64-debian-gcc, r-devel-linux-x86_64-fedora-clang, r-devel-linux-x86_64-fedora-gcc, r-devel-windows-ix86+x86_64, r-devel-windows-ix86+x86_64-gcc8, r-patched-linux-x86_64, r-patched-solaris-x86, r-release-linux-x86_64, r-release-windows-ix86+x86_64, r-release-osx-x86_64, r-oldrel-windows-ix86+x86_64, r-oldrel-osx-x86_64