CRAN Package Check Results for Package RFgroove

Last updated on 2019-03-20 04:50:36 CET.

Flavor Version Tinstall Tcheck Ttotal Status Flags
r-devel-linux-x86_64-debian-clang 1.1 9.25 73.18 82.43 OK
r-devel-linux-x86_64-debian-gcc 1.1 7.95 58.85 66.80 OK
r-devel-linux-x86_64-fedora-clang 1.1 99.36 NOTE
r-devel-linux-x86_64-fedora-gcc 1.1 95.04 NOTE
r-devel-windows-ix86+x86_64 1.1 24.00 137.00 161.00 OK
r-patched-linux-x86_64 1.1 5.58 68.46 74.04 OK
r-patched-solaris-x86 1.1 138.70 OK
r-release-linux-x86_64 1.1 5.86 69.35 75.21 OK
r-release-windows-ix86+x86_64 1.1 19.00 138.00 157.00 OK
r-release-osx-x86_64 1.1 OK
r-oldrel-windows-ix86+x86_64 1.1 22.00 147.00 169.00 OK
r-oldrel-osx-x86_64 1.1 OK

Check Details

Version: 1.1
Check: compiled code
Result: NOTE
    File ‘RFgroove/libs/RFgroove.so’:
     Found no calls to: ‘R_registerRoutines’, ‘R_useDynamicSymbols’
    
    It is good practice to register native routines and to disable symbol
    search.
    
    See ‘Writing portable packages’ in the ‘Writing R Extensions’ manual.
Flavors: r-devel-linux-x86_64-fedora-clang, r-devel-linux-x86_64-fedora-gcc