Last updated on 2023-05-28 22:00:20 CEST.
Flavor | Version | Tinstall | Tcheck | Ttotal | Status | Flags |
---|---|---|---|---|---|---|
r-devel-linux-x86_64-debian-clang | 1.2.0 | 8.34 | 131.24 | 139.58 | OK | |
r-devel-linux-x86_64-debian-gcc | 1.2.0 | 6.33 | 96.23 | 102.56 | OK | |
r-devel-linux-x86_64-fedora-clang | 1.2.0 | 177.19 | NOTE | |||
r-devel-linux-x86_64-fedora-gcc | 1.2.0 | 192.57 | OK | |||
r-devel-windows-x86_64 | 1.2.0 | 10.00 | 128.00 | 138.00 | NOTE | |
r-patched-linux-x86_64 | 1.2.0 | 10.93 | 127.35 | 138.28 | OK | |
r-release-linux-x86_64 | 1.2.0 | 8.72 | 129.90 | 138.62 | OK | |
r-release-macos-arm64 | 1.2.0 | 64.00 | NOTE | |||
r-release-macos-x86_64 | 1.2.0 | 100.00 | NOTE | |||
r-release-windows-x86_64 | 1.2.0 | 12.00 | 147.00 | 159.00 | NOTE | |
r-oldrel-macos-arm64 | 1.2.0 | 63.00 | NOTE | |||
r-oldrel-macos-x86_64 | 1.2.0 | 74.00 | NOTE | |||
r-oldrel-windows-x86_64 | 1.2.0 | 12.00 | 150.00 | 162.00 | NOTE |
Version: 1.2.0
Check: installed package size
Result: NOTE
installed size is 5.4Mb
sub-directories of 1Mb or more:
data 1.9Mb
doc 1.2Mb
extdata 1.9Mb
Flavors: r-devel-linux-x86_64-fedora-clang, r-devel-windows-x86_64, r-release-macos-arm64, r-release-macos-x86_64, r-release-windows-x86_64, r-oldrel-macos-arm64, r-oldrel-macos-x86_64, r-oldrel-windows-x86_64