CRAN Package Check Results for Package RGeckoboard

Last updated on 2021-05-13 04:50:05 CEST.

Flavor Version Tinstall Tcheck Ttotal Status Flags
r-devel-linux-x86_64-debian-clang 0.1-5 1.80 22.49 24.29 OK
r-devel-linux-x86_64-debian-gcc 0.1-5 1.61 17.80 19.41 OK
r-devel-linux-x86_64-fedora-clang 0.1-5 40.37 OK
r-devel-linux-x86_64-fedora-gcc 0.1-5 28.30 OK
r-devel-windows-ix86+x86_64 0.1-5 5.00 36.00 41.00 OK
r-devel-windows-x86_64-gcc10-UCRT 0.1-5 OK
r-patched-linux-x86_64 0.1-5 1.89 21.93 23.82 OK
r-patched-solaris-x86 0.1-5 47.50 OK
r-release-linux-x86_64 0.1-5 1.95 21.70 23.65 OK
r-release-macos-x86_64 0.1-5 OK
r-release-windows-ix86+x86_64 0.1-5 5.00 40.00 45.00 OK
r-oldrel-macos-x86_64 0.1-5 OK
r-oldrel-windows-ix86+x86_64 0.1-5 4.00 8.00 12.00 ERROR

Check Details

Version: 0.1-5
Check: whether package can be installed
Result: ERROR
    Installation failed.
Flavor: r-oldrel-windows-ix86+x86_64