CRAN Package Check Results for Package RGoogleAnalyticsPremium

Last updated on 2022-05-25 08:58:59 CEST.

Flavor Version Tinstall Tcheck Ttotal Status Flags
r-devel-linux-x86_64-debian-clang 0.1.1 3.71 44.78 48.49 NOTE
r-devel-linux-x86_64-debian-gcc 0.1.1 2.85 34.04 36.89 NOTE
r-devel-linux-x86_64-fedora-clang 0.1.1 56.90 NOTE
r-devel-linux-x86_64-fedora-gcc 0.1.1 56.61 NOTE
r-devel-windows-x86_64 0.1.1 74.00 66.00 140.00 NOTE
r-patched-linux-x86_64 0.1.1 3.49 42.32 45.81 NOTE
r-release-linux-x86_64 0.1.1 NOTE
r-release-macos-arm64 0.1.1 23.00 NOTE
r-release-macos-x86_64 0.1.1 28.00 NOTE
r-release-windows-x86_64 0.1.1 67.00 66.00 133.00 NOTE
r-oldrel-macos-arm64 0.1.1 26.00 NOTE
r-oldrel-macos-x86_64 0.1.1 33.00 NOTE
r-oldrel-windows-ix86+x86_64 0.1.1 9.00 52.00 61.00 NOTE

Check Details

Version: 0.1.1
Check: LazyData
Result: NOTE
     'LazyData' is specified without a 'data' directory
Flavors: r-devel-linux-x86_64-debian-clang, r-devel-linux-x86_64-debian-gcc, r-devel-linux-x86_64-fedora-clang, r-devel-linux-x86_64-fedora-gcc, r-devel-windows-x86_64, r-patched-linux-x86_64, r-release-linux-x86_64, r-release-macos-arm64, r-release-macos-x86_64, r-release-windows-x86_64, r-oldrel-macos-arm64, r-oldrel-macos-x86_64, r-oldrel-windows-ix86+x86_64