CRAN Package Check Results for Package RGoogleAnalyticsPremium

Last updated on 2021-09-16 23:50:07 CEST.

Flavor Version Tinstall Tcheck Ttotal Status Flags
r-devel-linux-x86_64-debian-clang 0.1.1 3.88 38.45 42.33 NOTE
r-devel-linux-x86_64-debian-gcc 0.1.1 3.30 29.49 32.79 NOTE
r-devel-linux-x86_64-fedora-clang 0.1.1 58.43 NOTE
r-devel-linux-x86_64-fedora-gcc 0.1.1 47.64 NOTE
r-devel-windows-x86_64 0.1.1 6.00 59.00 65.00 NOTE
r-devel-windows-x86_64-gcc10-UCRT 0.1.1 NOTE
r-patched-linux-x86_64 0.1.1 3.88 36.63 40.51 NOTE
r-patched-solaris-x86 0.1.1 70.50 NOTE
r-release-linux-x86_64 0.1.1 3.87 36.34 40.21 NOTE
r-release-macos-arm64 0.1.1 NOTE
r-release-macos-x86_64 0.1.1 NOTE
r-release-windows-ix86+x86_64 0.1.1 9.00 57.00 66.00 NOTE
r-oldrel-macos-x86_64 0.1.1 OK
r-oldrel-windows-ix86+x86_64 0.1.1 7.00 54.00 61.00 OK

Check Details

Version: 0.1.1
Check: LazyData
Result: NOTE
     'LazyData' is specified without a 'data' directory
Flavors: r-devel-linux-x86_64-debian-clang, r-devel-linux-x86_64-debian-gcc, r-devel-linux-x86_64-fedora-clang, r-devel-linux-x86_64-fedora-gcc, r-devel-windows-x86_64, r-devel-windows-x86_64-gcc10-UCRT, r-patched-linux-x86_64, r-patched-solaris-x86, r-release-linux-x86_64, r-release-macos-arm64, r-release-macos-x86_64, r-release-windows-ix86+x86_64