CRAN Package Check Results for Package RHRV

Last updated on 2019-05-25 13:47:09 CEST.

Flavor Version Tinstall Tcheck Ttotal Status Flags
r-devel-linux-x86_64-debian-clang 4.2.4 17.59 102.23 119.82 OK
r-devel-linux-x86_64-debian-gcc 4.2.4 14.05 81.19 95.24 OK
r-devel-linux-x86_64-fedora-clang 4.2.4 147.99 OK
r-devel-linux-x86_64-fedora-gcc 4.2.4 144.44 OK
r-devel-windows-ix86+x86_64 4.2.4 32.00 210.00 242.00 OK
r-patched-linux-x86_64 4.2.4 OK
r-patched-solaris-x86 4.2.4 273.90 OK
r-release-linux-x86_64 4.2.4 16.31 102.96 119.27 OK
r-release-windows-ix86+x86_64 4.2.4 54.00 188.00 242.00 OK
r-release-osx-x86_64 4.2.4 WARN
r-oldrel-windows-ix86+x86_64 4.2.4 41.00 126.00 167.00 OK
r-oldrel-osx-x86_64 4.2.4 OK

Check Details

Version: 4.2.4
Check: whether package can be installed
Result: WARN
    Found the following significant warnings:
     Warning: loading Rplot failed
     Warning: 'rgl_init' failed, running with rgl.useNULL = TRUE
Flavor: r-release-osx-x86_64