Last updated on 2023-12-11 02:48:32 CET.
Flavor | Version | Tinstall | Tcheck | Ttotal | Status | Flags |
---|---|---|---|---|---|---|
r-devel-linux-x86_64-debian-clang | 4.2.7 | 19.04 | 145.67 | 164.71 | OK | |
r-devel-linux-x86_64-debian-gcc | 4.2.7 | 15.18 | 106.72 | 121.90 | OK | |
r-devel-linux-x86_64-fedora-clang | 4.2.7 | 200.41 | NOTE | |||
r-devel-linux-x86_64-fedora-gcc | 4.2.7 | 204.25 | OK | |||
r-devel-windows-x86_64 | 4.2.7 | 20.00 | 128.00 | 148.00 | OK | |
r-patched-linux-x86_64 | 4.2.7 | 24.59 | 139.55 | 164.14 | OK | |
r-release-linux-x86_64 | 4.2.7 | 11.22 | 137.48 | 148.70 | OK | |
r-release-macos-arm64 | 4.2.7 | 67.00 | OK | |||
r-release-macos-x86_64 | 4.2.7 | 99.00 | OK | |||
r-release-windows-x86_64 | 4.2.7 | 24.00 | 156.00 | 180.00 | OK | |
r-oldrel-macos-arm64 | 4.2.7 | 65.00 | OK | |||
r-oldrel-macos-x86_64 | 4.2.7 | 78.00 | OK | |||
r-oldrel-windows-x86_64 | 4.2.7 | 25.00 | 150.00 | 175.00 | OK |
Version: 4.2.7
Check: Rd cross-references
Result: NOTE
Undeclared packages ‘tseries’, ‘TSA’ in Rd xrefs
Flavor: r-devel-linux-x86_64-fedora-clang