CRAN Package Check Results for Package RHRV

Last updated on 2019-03-21 02:47:29 CET.

Flavor Version Tinstall Tcheck Ttotal Status Flags
r-devel-linux-x86_64-debian-clang 4.2.4 17.97 103.87 121.84 OK
r-devel-linux-x86_64-debian-gcc 4.2.4 13.64 82.34 95.98 OK
r-devel-linux-x86_64-fedora-clang 4.2.4 152.42 OK
r-devel-linux-x86_64-fedora-gcc 4.2.4 149.51 OK
r-devel-windows-ix86+x86_64 4.2.4 45.00 172.00 217.00 OK
r-patched-linux-x86_64 4.2.3 10.70 95.19 105.89 OK
r-patched-solaris-x86 4.2.4 179.60 OK
r-release-linux-x86_64 4.2.4 12.70 93.81 106.51 OK
r-release-windows-ix86+x86_64 4.2.3 22.00 177.00 199.00 OK
r-release-osx-x86_64 4.2.3 WARN
r-oldrel-windows-ix86+x86_64 4.2.4 10.00 5.00 15.00 ERROR
r-oldrel-osx-x86_64 4.2.3 OK

Check Details

Version: 4.2.3
Check: whether package can be installed
Result: WARN
    Found the following significant warnings:
     filterhr.c:21:11: warning: using integer absolute value function 'abs' when argument is of floating point type [-Wabsolute-value]
     filterhr.c:21:53: warning: using integer absolute value function 'abs' when argument is of floating point type [-Wabsolute-value]
     filterhr.c:21:95: warning: using integer absolute value function 'abs' when argument is of floating point type [-Wabsolute-value]
Flavor: r-release-osx-x86_64

Version: 4.2.4
Check: whether package can be installed
Result: ERROR
    Installation failed.
Flavor: r-oldrel-windows-ix86+x86_64