CRAN Package Check Results for Package RHRV

Last updated on 2021-06-24 09:52:43 CEST.

Flavor Version Tinstall Tcheck Ttotal Status Flags
r-devel-linux-x86_64-debian-clang 4.2.6 16.17 122.24 138.41 OK
r-devel-linux-x86_64-debian-gcc 4.2.6 12.11 89.81 101.92 OK
r-devel-linux-x86_64-fedora-clang 4.2.6 174.08 NOTE
r-devel-linux-x86_64-fedora-gcc 4.2.6 162.61 OK
r-devel-windows-x86_64 4.2.6 24.00 129.00 153.00 OK
r-devel-windows-x86_64-gcc10-UCRT 4.2.6 ERROR
r-patched-linux-x86_64 4.2.6 19.91 115.83 135.74 OK
r-patched-solaris-x86 4.2.6 219.50 OK
r-release-linux-x86_64 4.2.6 14.76 113.53 128.29 OK
r-release-macos-arm64 4.2.6 OK
r-release-macos-x86_64 4.2.6 OK
r-release-windows-ix86+x86_64 4.2.6 25.00 173.00 198.00 OK
r-oldrel-macos-x86_64 4.2.6 OK

Check Details

Version: 4.2.6
Check: Rd cross-references
Result: NOTE
    Undeclared packages ‘tseries’, ‘TSA’ in Rd xrefs
Flavor: r-devel-linux-x86_64-fedora-clang

Version: 4.2.6
Check: package dependencies
Result: ERROR
    Package required but not available: 'nonlinearTseries'
    
    See section 'The DESCRIPTION file' in the 'Writing R Extensions'
    manual.
Flavor: r-devel-windows-x86_64-gcc10-UCRT