CRAN Package Check Results for Package RHRV

Last updated on 2021-10-20 13:54:23 CEST.

Flavor Version Tinstall Tcheck Ttotal Status Flags
r-devel-linux-x86_64-debian-clang 4.2.6 15.21 120.48 135.69 OK
r-devel-linux-x86_64-debian-gcc 4.2.6 12.75 89.82 102.57 OK
r-devel-linux-x86_64-fedora-clang 4.2.6 173.04 NOTE
r-devel-linux-x86_64-fedora-gcc 4.2.6 158.18 OK
r-devel-windows-x86_64 4.2.6 28.00 146.00 174.00 OK
r-devel-windows-x86_64-gcc10-UCRT 4.2.6 OK
r-patched-linux-x86_64 4.2.6 18.61 112.79 131.40 OK
r-patched-solaris-x86 4.2.6 222.20 OK
r-release-linux-x86_64 4.2.6 14.57 112.70 127.27 OK
r-release-macos-arm64 4.2.6 OK
r-release-macos-x86_64 4.2.6 OK
r-release-windows-ix86+x86_64 4.2.6 36.00 175.00 211.00 OK
r-oldrel-macos-x86_64 4.2.6 OK
r-oldrel-windows-ix86+x86_64 4.2.6 37.00 181.00 218.00 OK

Check Details

Version: 4.2.6
Check: Rd cross-references
Result: NOTE
    Undeclared packages ‘tseries’, ‘TSA’ in Rd xrefs
Flavor: r-devel-linux-x86_64-fedora-clang