CRAN Package Check Results for Package RI2by2

Last updated on 2021-05-14 11:50:57 CEST.

Flavor Version Tinstall Tcheck Ttotal Status Flags
r-devel-linux-x86_64-debian-clang 1.3 19.67 32.97 52.64 OK
r-devel-linux-x86_64-debian-gcc 1.3 13.78 26.06 39.84 OK
r-devel-linux-x86_64-fedora-clang 1.3 81.67 NOTE
r-devel-linux-x86_64-fedora-gcc 1.3 64.82 NOTE
r-devel-windows-ix86+x86_64 1.3 49.00 79.00 128.00 OK
r-devel-windows-x86_64-gcc10-UCRT 1.3 OK
r-patched-linux-x86_64 1.3 15.59 33.43 49.02 OK
r-patched-solaris-x86 1.3 86.90 OK
r-release-linux-x86_64 1.3 15.45 31.89 47.34 OK
r-release-macos-x86_64 1.3 OK
r-release-windows-ix86+x86_64 1.3 36.00 88.00 124.00 OK
r-oldrel-macos-x86_64 1.3 OK
r-oldrel-windows-ix86+x86_64 1.3 45.00 71.00 116.00 OK

Check Details

Version: 1.3
Check: compiled code
Result: NOTE
    File ‘RI2by2/libs/RI2by2.so’:
     Found no calls to: ‘R_registerRoutines’, ‘R_useDynamicSymbols’
    
    It is good practice to register native routines and to disable symbol
    search.
    
    See ‘Writing portable packages’ in the ‘Writing R Extensions’ manual.
Flavors: r-devel-linux-x86_64-fedora-clang, r-devel-linux-x86_64-fedora-gcc