CRAN Package Check Results for Package RIdeogram

Last updated on 2020-04-10 04:48:56 CEST.

Flavor Version Tinstall Tcheck Ttotal Status Flags
r-devel-linux-x86_64-debian-clang 0.2.2 11.31 64.77 76.08 OK
r-devel-linux-x86_64-debian-gcc 0.2.2 9.93 49.72 59.65 OK
r-devel-linux-x86_64-fedora-clang 0.2.2 89.16 OK
r-devel-linux-x86_64-fedora-gcc 0.2.2 94.48 OK
r-devel-windows-ix86+x86_64 0.2.2 23.00 75.00 98.00 OK
r-devel-windows-ix86+x86_64-gcc8 0.2.2 19.00 70.00 89.00 OK
r-patched-linux-x86_64 0.2.2 10.01 63.77 73.78 OK
r-patched-osx-x86_64 0.2.2 WARN
r-release-linux-x86_64 0.2.2 10.02 56.38 66.40 OK
r-release-windows-ix86+x86_64 0.2.2 19.00 106.00 125.00 OK
r-release-osx-x86_64 0.2.2 OK
r-oldrel-windows-ix86+x86_64 0.2.2 19.00 95.00 114.00 OK
r-oldrel-osx-x86_64 0.2.2 OK

Check Details

Version: 0.2.2
Check: re-building of vignette outputs
Result: WARN
    Error(s) in re-building vignettes:
     ...
    --- re-building ‘RIdeogram.Rmd’ using rmarkdown
    dyld: lazy symbol binding failed: Symbol not found: ____chkstk_darwin
     Referenced from: /usr/local/bin/pandoc (which was built for Mac OS X 10.15)
     Expected in: /usr/lib/libSystem.B.dylib
    
    dyld: Symbol not found: ____chkstk_darwin
     Referenced from: /usr/local/bin/pandoc (which was built for Mac OS X 10.15)
     Expected in: /usr/lib/libSystem.B.dylib
    
    Error: processing vignette 'RIdeogram.Rmd' failed with diagnostics:
    pandoc document conversion failed with error 6
    --- failed re-building ‘RIdeogram.Rmd’
    
    SUMMARY: processing the following file failed:
     ‘RIdeogram.Rmd’
    
    Error: Vignette re-building failed.
    Execution halted
Flavor: r-patched-osx-x86_64