Last updated on 2022-05-24 07:52:31 CEST.
Flavor | Version | Tinstall | Tcheck | Ttotal | Status | Flags |
---|---|---|---|---|---|---|
r-devel-linux-x86_64-debian-clang | 0.1.1 | 5.63 | 63.06 | 68.69 | NOTE | |
r-devel-linux-x86_64-debian-gcc | 0.1.1 | 4.55 | 46.84 | 51.39 | NOTE | |
r-devel-linux-x86_64-fedora-clang | 0.1.1 | 80.56 | NOTE | |||
r-devel-linux-x86_64-fedora-gcc | 0.1.1 | 76.86 | NOTE | |||
r-devel-windows-x86_64 | 0.1.1 | 16.00 | 77.00 | 93.00 | NOTE | |
r-patched-linux-x86_64 | 0.1.1 | 5.06 | 58.57 | 63.63 | NOTE | |
r-release-linux-x86_64 | 0.1.1 | NOTE | ||||
r-release-macos-arm64 | 0.1.1 | 22.00 | NOTE | |||
r-release-macos-x86_64 | 0.1.1 | 49.00 | NOTE | |||
r-release-windows-x86_64 | 0.1.1 | 14.00 | 78.00 | 92.00 | NOTE | |
r-oldrel-macos-arm64 | 0.1.1 | 27.00 | NOTE | |||
r-oldrel-macos-x86_64 | 0.1.1 | 38.00 | NOTE | |||
r-oldrel-windows-ix86+x86_64 | 0.1.1 | 14.00 | 75.00 | 89.00 | NOTE |
Version: 0.1.1
Check: LazyData
Result: NOTE
'LazyData' is specified without a 'data' directory
Flavors: r-devel-linux-x86_64-debian-clang, r-devel-linux-x86_64-debian-gcc, r-devel-linux-x86_64-fedora-clang, r-devel-linux-x86_64-fedora-gcc, r-devel-windows-x86_64, r-patched-linux-x86_64, r-release-linux-x86_64, r-release-macos-arm64, r-release-macos-x86_64, r-release-windows-x86_64, r-oldrel-macos-arm64, r-oldrel-macos-x86_64, r-oldrel-windows-ix86+x86_64