Last updated on 2023-06-07 17:55:48 CEST.
Flavor | Version | Tinstall | Tcheck | Ttotal | Status | Flags |
---|---|---|---|---|---|---|
r-devel-linux-x86_64-debian-clang | 0.2.3 | 10.64 | 95.27 | 105.91 | OK | |
r-devel-linux-x86_64-debian-gcc | 0.2.3 | 8.62 | 70.32 | 78.94 | OK | |
r-devel-linux-x86_64-fedora-clang | 0.2.3 | 117.41 | NOTE | |||
r-devel-linux-x86_64-fedora-gcc | 0.2.3 | 127.59 | OK | |||
r-devel-windows-x86_64 | 0.2.3 | 15.00 | 84.00 | 99.00 | NOTE | |
r-patched-linux-x86_64 | 0.2.3 | 10.62 | 91.56 | 102.18 | OK | |
r-release-linux-x86_64 | 0.2.3 | 12.34 | 91.47 | 103.81 | OK | |
r-release-macos-arm64 | 0.2.3 | 45.00 | NOTE | |||
r-release-macos-x86_64 | 0.2.1 | 64.00 | NOTE | |||
r-release-windows-x86_64 | 0.2.3 | 10.00 | 97.00 | 107.00 | NOTE | |
r-oldrel-macos-arm64 | 0.2.3 | 47.00 | NOTE | |||
r-oldrel-macos-x86_64 | 0.2.3 | 52.00 | NOTE | |||
r-oldrel-windows-x86_64 | 0.2.3 | 16.00 | 112.00 | 128.00 | NOTE |
Version: 0.2.3
Check: installed package size
Result: NOTE
installed size is 5.1Mb
sub-directories of 1Mb or more:
java 4.2Mb
Flavors: r-devel-linux-x86_64-fedora-clang, r-devel-windows-x86_64, r-release-macos-arm64, r-release-windows-x86_64, r-oldrel-macos-arm64, r-oldrel-macos-x86_64, r-oldrel-windows-x86_64
Version: 0.2.1
Check: installed package size
Result: NOTE
installed size is 5.1Mb
sub-directories of 1Mb or more:
java 4.2Mb
Flavor: r-release-macos-x86_64