CRAN Package Check Results for Package RJSDMX

Last updated on 2022-05-20 17:50:34 CEST.

Flavor Version Tinstall Tcheck Ttotal Status Flags
r-devel-linux-x86_64-debian-clang 2.3-3 4.47 51.10 55.57 WARN
r-devel-linux-x86_64-debian-gcc 2.3-3 3.23 39.24 42.47 WARN
r-devel-linux-x86_64-fedora-clang 2.3-3 64.71 WARN
r-devel-linux-x86_64-fedora-gcc 2.3-3 68.73 WARN
r-devel-windows-x86_64 2.3-3 13.00 64.00 77.00 WARN
r-patched-linux-x86_64 2.3-3 4.08 49.44 53.52 OK
r-release-linux-x86_64 2.3-3 3.16 49.36 52.52 OK
r-release-macos-arm64 2.3-3 20.00 OK
r-release-macos-x86_64 2.3-3 31.00 OK
r-release-windows-x86_64 2.3-3 15.00 68.00 83.00 OK
r-oldrel-macos-arm64 2.3-3 32.00 OK
r-oldrel-macos-x86_64 2.3-3 42.00 OK
r-oldrel-windows-ix86+x86_64 2.3-3 11.00 63.00 74.00 OK

Check Details

Version: 2.3-3
Check: Rd files
Result: WARN
    checkRd: (7) RJSDMX-package.Rd:54: invalid email address: attilio.mattiocco@bancaditalia.it, diana.nicoletti@bancaditalia.it
Flavors: r-devel-linux-x86_64-debian-clang, r-devel-linux-x86_64-debian-gcc, r-devel-linux-x86_64-fedora-clang, r-devel-linux-x86_64-fedora-gcc, r-devel-windows-x86_64