CRAN Package Check Results for Package RKEAjars

Last updated on 2020-04-03 21:47:36 CEST.

Flavor Version Tinstall Tcheck Ttotal Status Flags
r-devel-linux-x86_64-debian-clang 5.0-4 4.44 24.55 28.99 OK
r-devel-linux-x86_64-debian-gcc 5.0-4 3.77 18.90 22.67 OK
r-devel-linux-x86_64-fedora-clang 5.0-4 33.40 NOTE
r-devel-linux-x86_64-fedora-gcc 5.0-4 33.71 OK
r-devel-windows-ix86+x86_64 5.0-4 9.00 48.00 57.00 NOTE
r-devel-windows-ix86+x86_64-gcc8 5.0-4 10.00 36.00 46.00 NOTE
r-patched-linux-x86_64 5.0-4 4.38 23.77 28.15 OK
r-patched-solaris-x86 5.0-4 54.80 NOTE
r-release-linux-x86_64 5.0-4 3.79 22.26 26.05 OK
r-release-windows-ix86+x86_64 5.0-4 8.00 31.00 39.00 NOTE
r-release-osx-x86_64 5.0-4 NOTE
r-oldrel-windows-ix86+x86_64 5.0-4 7.00 33.00 40.00 NOTE
r-oldrel-osx-x86_64 5.0-4 NOTE

Check Details

Version: 5.0-4
Check: installed package size
Result: NOTE
     installed size is 10.9Mb
     sub-directories of 1Mb or more:
     java 10.8Mb
Flavors: r-devel-linux-x86_64-fedora-clang, r-devel-windows-ix86+x86_64, r-devel-windows-ix86+x86_64-gcc8, r-patched-solaris-x86, r-release-windows-ix86+x86_64, r-release-osx-x86_64, r-oldrel-windows-ix86+x86_64, r-oldrel-osx-x86_64