CRAN Package Check Results for Package RKEAjars

Last updated on 2020-07-13 12:49:08 CEST.

Flavor Version Tinstall Tcheck Ttotal Status Flags
r-devel-linux-x86_64-debian-clang 5.0-4 3.95 23.52 27.47 OK
r-devel-linux-x86_64-debian-gcc 5.0-4 3.27 18.28 21.55 OK
r-devel-linux-x86_64-fedora-clang 5.0-4 44.21 NOTE
r-devel-linux-x86_64-fedora-gcc 5.0-4 35.11 OK
r-devel-windows-ix86+x86_64 5.0-4 11.00 34.00 45.00 NOTE
r-patched-linux-x86_64 5.0-4 4.02 23.30 27.32 OK
r-patched-solaris-x86 5.0-4 50.60 NOTE
r-release-linux-x86_64 5.0-4 3.83 23.50 27.33 OK
r-release-macos-x86_64 5.0-4 ERROR
r-release-windows-ix86+x86_64 5.0-4 12.00 35.00 47.00 NOTE
r-oldrel-macos-x86_64 5.0-4 NOTE
r-oldrel-windows-ix86+x86_64 5.0-4 8.00 31.00 39.00 NOTE

Check Details

Version: 5.0-4
Check: installed package size
Result: NOTE
     installed size is 10.9Mb
     sub-directories of 1Mb or more:
     java 10.8Mb
Flavors: r-devel-linux-x86_64-fedora-clang, r-devel-windows-ix86+x86_64, r-patched-solaris-x86, r-release-windows-ix86+x86_64, r-oldrel-macos-x86_64, r-oldrel-windows-ix86+x86_64

Version: 5.0-4
Check: whether package can be installed
Result: ERROR
    Installation failed.
Flavor: r-release-macos-x86_64