CRAN Package Check Results for Package RKHSMetaMod

Last updated on 2021-03-02 15:48:12 CET.

Flavor Version Tinstall Tcheck Ttotal Status Flags
r-devel-linux-x86_64-debian-clang 1.1 OK
r-devel-linux-x86_64-debian-gcc 1.1 161.77 27.97 189.74 OK
r-devel-linux-x86_64-fedora-clang 1.1 381.31 NOTE
r-devel-linux-x86_64-fedora-gcc 1.1 345.61 OK
r-devel-windows-ix86+x86_64 1.1 348.00 76.00 424.00 OK
r-patched-linux-x86_64 1.1 194.71 34.65 229.36 OK
r-patched-solaris-x86 1.1 286.60 OK
r-release-linux-x86_64 1.1 190.15 35.32 225.47 OK
r-release-macos-x86_64 1.1 NOTE
r-release-windows-ix86+x86_64 1.1 436.00 93.00 529.00 OK
r-oldrel-macos-x86_64 1.1 NOTE
r-oldrel-windows-ix86+x86_64 1.1 314.00 86.00 400.00 OK

Check Details

Version: 1.1
Check: installed package size
Result: NOTE
     installed size is 23.3Mb
     sub-directories of 1Mb or more:
     libs 23.2Mb
Flavors: r-devel-linux-x86_64-fedora-clang, r-release-macos-x86_64, r-oldrel-macos-x86_64