CRAN Package Check Results for Package RLogicalOps

Last updated on 2021-11-29 20:50:54 CET.

Flavor Version Tinstall Tcheck Ttotal Status Flags
r-devel-linux-x86_64-debian-clang 0.1 1.91 18.92 20.83 NOTE
r-devel-linux-x86_64-debian-gcc 0.1 1.42 15.44 16.86 NOTE
r-devel-linux-x86_64-fedora-clang 0.1 36.77 NOTE
r-devel-linux-x86_64-fedora-gcc 0.1 25.72 NOTE
r-devel-windows-x86_64-new-UL 0.1 4.00 51.00 55.00 NOTE
r-devel-windows-x86_64-new-TK 0.1 NOTE
r-devel-windows-x86_64-old 0.1 3.00 27.00 30.00 NOTE
r-patched-linux-x86_64 0.1 1.74 18.00 19.74 NOTE
r-patched-solaris-x86 0.1 41.50 NOTE
r-release-linux-x86_64 0.1 1.74 18.03 19.77 NOTE
r-release-macos-arm64 0.1 NOTE
r-release-macos-x86_64 0.1 NOTE
r-release-windows-ix86+x86_64 0.1 4.00 25.00 29.00 NOTE
r-oldrel-macos-x86_64 0.1 OK
r-oldrel-windows-ix86+x86_64 0.1 4.00 35.00 39.00 OK

Check Details

Version: 0.1
Check: LazyData
Result: NOTE
     'LazyData' is specified without a 'data' directory
Flavors: r-devel-linux-x86_64-debian-clang, r-devel-linux-x86_64-debian-gcc, r-devel-linux-x86_64-fedora-clang, r-devel-linux-x86_64-fedora-gcc, r-devel-windows-x86_64-new-UL, r-devel-windows-x86_64-new-TK, r-devel-windows-x86_64-old, r-patched-linux-x86_64, r-patched-solaris-x86, r-release-linux-x86_64, r-release-macos-arm64, r-release-macos-x86_64, r-release-windows-ix86+x86_64