CRAN Package Check Results for Package RLumCarlo

Last updated on 2024-02-24 06:50:48 CET.

Flavor Version Tinstall Tcheck Ttotal Status Flags
r-devel-linux-x86_64-debian-clang 0.1.9 193.39 52.15 245.54 NOTE
r-devel-linux-x86_64-debian-gcc 0.1.9 142.48 39.33 181.81 NOTE
r-devel-linux-x86_64-fedora-clang 0.1.9 383.82 NOTE
r-devel-linux-x86_64-fedora-gcc 0.1.9 349.76 NOTE
r-devel-windows-x86_64 0.1.9 139.00 93.00 232.00 NOTE
r-patched-linux-x86_64 0.1.9 180.90 51.16 232.06 NOTE
r-release-linux-x86_64 0.1.9 178.02 50.29 228.31 NOTE
r-release-macos-arm64 0.1.9 83.00 NOTE
r-release-macos-x86_64 0.1.9 141.00 NOTE
r-release-windows-x86_64 0.1.9 176.00 106.00 282.00 NOTE
r-oldrel-macos-arm64 0.1.9 69.00 OK
r-oldrel-windows-x86_64 0.1.9 182.00 101.00 283.00 OK

Check Details

Version: 0.1.9
Check: C++ specification
Result: NOTE Specified C++11: please drop specification unless essential Flavors: r-devel-linux-x86_64-debian-clang, r-devel-linux-x86_64-debian-gcc, r-devel-linux-x86_64-fedora-clang, r-devel-linux-x86_64-fedora-gcc, r-devel-windows-x86_64, r-patched-linux-x86_64, r-release-linux-x86_64, r-release-macos-arm64, r-release-macos-x86_64, r-release-windows-x86_64