CRAN Package Check Results for Package RLumShiny

Last updated on 2020-04-08 10:47:27 CEST.

Flavor Version Tinstall Tcheck Ttotal Status Flags
r-devel-linux-x86_64-debian-clang 0.2.2 10.93 82.51 93.44 OK
r-devel-linux-x86_64-debian-gcc 0.2.2 9.13 62.44 71.57 OK
r-devel-linux-x86_64-fedora-clang 0.2.2 108.03 NOTE
r-devel-linux-x86_64-fedora-gcc 0.2.2 123.91 NOTE
r-devel-windows-ix86+x86_64 0.2.2 26.00 101.00 127.00 OK
r-devel-windows-ix86+x86_64-gcc8 0.2.2 24.00 93.00 117.00 OK
r-patched-linux-x86_64 0.2.2 9.33 78.61 87.94 OK
r-patched-solaris-x86 0.2.2 164.50 NOTE
r-release-linux-x86_64 0.2.2 9.26 72.03 81.29 OK
r-release-windows-ix86+x86_64 0.2.2 21.00 113.00 134.00 OK
r-release-osx-x86_64 0.2.2 NOTE
r-oldrel-windows-ix86+x86_64 0.2.2 20.00 112.00 132.00 OK
r-oldrel-osx-x86_64 0.2.2 NOTE

Check Details

Version: 0.2.2
Check: dependencies in R code
Result: NOTE
    Namespaces in Imports field not imported from:
     ‘RCarb’ ‘rmarkdown’ ‘shinyjs’
     All declared Imports should be used.
Flavors: r-devel-linux-x86_64-fedora-clang, r-devel-linux-x86_64-fedora-gcc, r-patched-solaris-x86, r-release-osx-x86_64, r-oldrel-osx-x86_64