CRAN Package Check Results for Package RLumShiny

Last updated on 2019-06-19 18:52:52 CEST.

Flavor Version Tinstall Tcheck Ttotal Status Flags
r-devel-linux-x86_64-debian-clang 0.2.2 8.72 72.79 81.51 OK
r-devel-linux-x86_64-debian-gcc 0.2.2 6.84 56.60 63.44 OK
r-devel-linux-x86_64-fedora-clang 0.2.2 95.70 NOTE
r-devel-linux-x86_64-fedora-gcc 0.2.2 94.35 NOTE
r-devel-windows-ix86+x86_64 0.2.2 37.00 107.00 144.00 OK
r-patched-linux-x86_64 0.2.2 8.67 70.49 79.16 OK
r-patched-solaris-x86 0.2.2 149.60 NOTE
r-release-linux-x86_64 0.2.2 9.84 70.14 79.98 OK
r-release-windows-ix86+x86_64 0.2.2 34.00 103.00 137.00 OK
r-release-osx-x86_64 0.2.2 NOTE
r-oldrel-windows-ix86+x86_64 0.2.2 12.00 110.00 122.00 OK
r-oldrel-osx-x86_64 0.2.2 NOTE

Check Details

Version: 0.2.2
Check: dependencies in R code
Result: NOTE
    Namespaces in Imports field not imported from:
     ‘RCarb’ ‘rmarkdown’ ‘shinyjs’
     All declared Imports should be used.
Flavors: r-devel-linux-x86_64-fedora-clang, r-devel-linux-x86_64-fedora-gcc, r-patched-solaris-x86, r-release-osx-x86_64, r-oldrel-osx-x86_64