CRAN Package Check Results for Package RLumShiny

Last updated on 2019-01-19 15:48:02 CET.

Flavor Version Tinstall Tcheck Ttotal Status Flags
r-devel-linux-x86_64-debian-clang 0.2.2 6.14 70.51 76.65 OK
r-devel-linux-x86_64-debian-gcc 0.2.2 5.08 56.51 61.59 OK
r-devel-linux-x86_64-fedora-clang 0.2.2 90.54 NOTE
r-devel-linux-x86_64-fedora-gcc 0.2.2 87.26 NOTE
r-devel-windows-ix86+x86_64 0.2.2 10.00 103.00 113.00 OK
r-patched-linux-x86_64 0.2.2 5.73 66.94 72.67 OK
r-patched-solaris-x86 0.2.2 133.10 NOTE
r-release-linux-x86_64 0.2.2 5.52 66.87 72.39 OK
r-release-windows-ix86+x86_64 0.2.2 18.00 109.00 127.00 OK
r-release-osx-x86_64 0.2.2 NOTE
r-oldrel-windows-ix86+x86_64 0.2.2 17.00 114.00 131.00 OK
r-oldrel-osx-x86_64 0.2.1 NOTE

Check Details

Version: 0.2.2
Check: dependencies in R code
Result: NOTE
    Namespaces in Imports field not imported from:
     ‘RCarb’ ‘rmarkdown’ ‘shinyjs’
     All declared Imports should be used.
Flavors: r-devel-linux-x86_64-fedora-clang, r-devel-linux-x86_64-fedora-gcc, r-patched-solaris-x86, r-release-osx-x86_64

Version: 0.2.1
Check: dependencies in R code
Result: NOTE
    Namespaces in Imports field not imported from:
     ‘DT’ ‘knitr’
     All declared Imports should be used.
Flavor: r-oldrel-osx-x86_64