CRAN Package Check Results for Package RLumShiny

Last updated on 2019-03-21 22:51:17 CET.

Flavor Version Tinstall Tcheck Ttotal Status Flags
r-devel-linux-x86_64-debian-clang 0.2.2 8.14 71.84 79.98 OK
r-devel-linux-x86_64-debian-gcc 0.2.2 7.02 57.61 64.63 OK
r-devel-linux-x86_64-fedora-clang 0.2.2 97.28 NOTE
r-devel-linux-x86_64-fedora-gcc 0.2.2 91.37 NOTE
r-devel-windows-ix86+x86_64 0.2.2 31.00 105.00 136.00 OK
r-patched-linux-x86_64 0.2.2 5.00 68.87 73.87 OK
r-patched-solaris-x86 0.2.2 134.00 NOTE
r-release-linux-x86_64 0.2.2 5.98 68.79 74.77 OK
r-release-windows-ix86+x86_64 0.2.2 11.00 108.00 119.00 OK
r-release-osx-x86_64 0.2.2 NOTE
r-oldrel-windows-ix86+x86_64 0.2.2 20.00 109.00 129.00 OK
r-oldrel-osx-x86_64 0.2.2 NOTE

Check Details

Version: 0.2.2
Check: dependencies in R code
Result: NOTE
    Namespaces in Imports field not imported from:
     ‘RCarb’ ‘rmarkdown’ ‘shinyjs’
     All declared Imports should be used.
Flavors: r-devel-linux-x86_64-fedora-clang, r-devel-linux-x86_64-fedora-gcc, r-patched-solaris-x86, r-release-osx-x86_64, r-oldrel-osx-x86_64