CRAN Package Check Results for Package RMKdiscrete

Last updated on 2021-12-03 14:52:33 CET.

Flavor Version Tinstall Tcheck Ttotal Status Flags
r-devel-linux-x86_64-debian-clang 0.1 6.08 34.16 40.24 NOTE
r-devel-linux-x86_64-debian-gcc 0.1 3.79 26.28 30.07 NOTE
r-devel-linux-x86_64-fedora-clang 0.1 58.25 NOTE
r-devel-linux-x86_64-fedora-gcc 0.1 48.89 NOTE
r-devel-windows-x86_64-new-UL 0.1 14.00 78.00 92.00 NOTE
r-devel-windows-x86_64-new-TK 0.1 NOTE
r-devel-windows-x86_64-old 0.1 10.00 44.00 54.00 NOTE
r-patched-linux-x86_64 0.1 5.73 32.79 38.52 NOTE
r-release-linux-x86_64 0.1 5.10 32.89 37.99 NOTE
r-release-macos-arm64 0.1 NOTE
r-release-macos-x86_64 0.1 NOTE
r-release-windows-ix86+x86_64 0.1 14.00 64.00 78.00 NOTE
r-oldrel-macos-x86_64 0.1 NOTE
r-oldrel-windows-ix86+x86_64 0.1 12.00 61.00 73.00 NOTE

Check Details

Version: 0.1
Check: R code for possible problems
Result: NOTE
    .pLGP_qvec: no visible global function definition for 'ppois'
    .qLGP_pvec: no visible global function definition for 'qpois'
    .rLGP.failsafe: no visible global function definition for 'runif'
    .subdmg: no visible global function definition for 'dbinom'
    dnegbin: no visible global function definition for 'dnbinom'
    pLGP: no visible global function definition for 'ppois'
    qLGP: no visible global function definition for 'qpois'
    rLGP: no visible global function definition for 'rpois'
    rLGP: no visible global function definition for 'rnorm'
    rLGP: no visible global function definition for 'runif'
    rbinegbin: no visible global function definition for 'rnbinom'
    rmanaclash: no visible global function definition for 'rbinom'
    rmanaclash: no visible global function definition for 'runif'
    Undefined global functions or variables:
     dbinom dnbinom ppois qpois rbinom rnbinom rnorm rpois runif
    Consider adding
     importFrom("stats", "dbinom", "dnbinom", "ppois", "qpois", "rbinom",
     "rnbinom", "rnorm", "rpois", "runif")
    to your NAMESPACE file.
Flavors: r-devel-linux-x86_64-debian-clang, r-devel-linux-x86_64-debian-gcc, r-devel-linux-x86_64-fedora-clang, r-devel-linux-x86_64-fedora-gcc, r-devel-windows-x86_64-new-UL, r-devel-windows-x86_64-new-TK, r-devel-windows-x86_64-old, r-patched-linux-x86_64, r-release-linux-x86_64, r-release-macos-arm64, r-release-macos-x86_64, r-release-windows-ix86+x86_64, r-oldrel-macos-x86_64, r-oldrel-windows-ix86+x86_64

Version: 0.1
Check: compiled code
Result: NOTE
    File ‘RMKdiscrete/libs/RMKdiscrete.so’:
     Found no calls to: ‘R_registerRoutines’, ‘R_useDynamicSymbols’
    
    It is good practice to register native routines and to disable symbol
    search.
    
    See ‘Writing portable packages’ in the ‘Writing R Extensions’ manual.
Flavors: r-devel-linux-x86_64-fedora-clang, r-devel-linux-x86_64-fedora-gcc