CRAN Package Check Results for Package RMOA

Last updated on 2021-07-25 09:50:32 CEST.

Flavor Version Tinstall Tcheck Ttotal Status Flags
r-devel-linux-x86_64-debian-clang 1.0.1 6.27 75.99 82.26 OK
r-devel-linux-x86_64-debian-gcc 1.0.1 6.06 57.87 63.93 OK
r-devel-linux-x86_64-fedora-clang 1.0.1 108.49 OK
r-devel-linux-x86_64-fedora-gcc 1.0.1 100.09 OK
r-devel-windows-x86_64 1.0.1 11.00 76.00 87.00 OK
r-devel-windows-x86_64-gcc10-UCRT 1.0.1 OK
r-patched-linux-x86_64 1.0.1 8.00 72.84 80.84 OK
r-patched-solaris-x86 1.0.1 134.70 OK
r-release-linux-x86_64 1.0.1 6.12 72.80 78.92 OK
r-release-macos-arm64 1.0.1 ERROR
r-release-macos-x86_64 1.0.1 OK
r-release-windows-ix86+x86_64 1.0.1 18.00 91.00 109.00 OK
r-oldrel-macos-x86_64 1.0.1 OK
r-oldrel-windows-ix86+x86_64 1.0.1 36.00 102.00 138.00 OK

Check Details

Version: 1.0.1
Check: whether package can be installed
Result: ERROR
    Installation failed.
Flavor: r-release-macos-arm64