CRAN Package Check Results for Package RMVL

Last updated on 2022-12-10 04:57:16 CET.

Flavor Version Tinstall Tcheck Ttotal Status Flags
r-devel-linux-x86_64-debian-clang 0.0.4.4 17.43 41.63 59.06 OK
r-devel-linux-x86_64-debian-gcc 0.0.4.4 14.22 32.59 46.81 OK
r-devel-linux-x86_64-fedora-clang 0.0.4.4 81.53 OK
r-devel-linux-x86_64-fedora-gcc 0.0.4.4 80.35 OK
r-devel-windows-x86_64 0.0.4.4 41.00 87.00 128.00 OK
r-patched-linux-x86_64 0.0.4.4 15.04 35.93 50.97 OK
r-release-linux-x86_64 0.0.4.4 15.17 34.55 49.72 OK
r-release-macos-arm64 0.0.4.4 22.00 OK
r-release-macos-x86_64 0.0.4.4 32.00 OK
r-release-windows-x86_64 0.0.4.4 28.00 65.00 93.00 OK
r-oldrel-macos-arm64 0.0.4.4 23.00 OK
r-oldrel-macos-x86_64 0.0.4.4 34.00 OK
r-oldrel-windows-ix86+x86_64 0.0.4.4 43.00 65.00 108.00 WARN

Check Details

Version: 0.0.4.4
Check: whether package can be installed
Result: WARN
    Found the following significant warnings:
     RlibMVL.c:1446:9: warning: cast from pointer to integer of different size [-Wpointer-to-int-cast]
Flavor: r-oldrel-windows-ix86+x86_64