CRAN Package Check Results for Package RMallow

Last updated on 2019-04-22 07:47:00 CEST.

Flavor Version Tinstall Tcheck Ttotal Status Flags
r-devel-linux-x86_64-debian-clang 1.0 1.89 22.58 24.47 NOTE
r-devel-linux-x86_64-debian-gcc 1.0 1.47 18.23 19.70 NOTE
r-devel-linux-x86_64-fedora-clang 1.0 30.35 NOTE
r-devel-linux-x86_64-fedora-gcc 1.0 28.19 NOTE
r-devel-windows-ix86+x86_64 1.0 9.00 48.00 57.00 NOTE
r-patched-linux-x86_64 1.0 1.78 22.93 24.71 NOTE
r-patched-solaris-x86 1.0 46.10 NOTE
r-release-linux-x86_64 1.0 1.48 19.91 21.39 NOTE
r-release-windows-ix86+x86_64 1.0 3.00 29.00 32.00 NOTE
r-release-osx-x86_64 1.0 NOTE
r-oldrel-windows-ix86+x86_64 1.0 3.00 28.00 31.00 NOTE
r-oldrel-osx-x86_64 1.0 NOTE

Check Details

Version: 1.0
Check: DESCRIPTION meta-information
Result: NOTE
    Malformed Title field: should not end in a period.
Flavors: r-devel-linux-x86_64-debian-clang, r-devel-linux-x86_64-debian-gcc, r-devel-linux-x86_64-fedora-clang, r-devel-linux-x86_64-fedora-gcc, r-devel-windows-ix86+x86_64, r-patched-linux-x86_64, r-patched-solaris-x86, r-release-linux-x86_64, r-release-windows-ix86+x86_64, r-release-osx-x86_64, r-oldrel-windows-ix86+x86_64, r-oldrel-osx-x86_64

Version: 1.0
Check: R code for possible problems
Result: NOTE
    Found an obsolete/platform-specific call in the following function:
     'Mallows'
    Found the platform-specific device:
     'x11'
    dev.new() is the preferred way to open a new device, in the unlikely
    event one is needed.
    Mallows: no visible global function definition for 'runif'
    Mallows: no visible global function definition for 'x11'
    Mallows: no visible global function definition for 'plot'
    Mallows: no visible global function definition for 'dev.off'
    UpdateLambda: no visible global function definition for 'uniroot'
    Undefined global functions or variables:
     dev.off plot runif uniroot x11
    Consider adding
     importFrom("grDevices", "dev.off", "x11")
     importFrom("graphics", "plot")
     importFrom("stats", "runif", "uniroot")
    to your NAMESPACE file.
Flavors: r-devel-linux-x86_64-debian-clang, r-devel-linux-x86_64-debian-gcc, r-devel-linux-x86_64-fedora-clang, r-devel-linux-x86_64-fedora-gcc, r-patched-linux-x86_64, r-patched-solaris-x86, r-release-linux-x86_64

Version: 1.0
Check: R code for possible problems
Result: NOTE
    Mallows: no visible global function definition for 'runif'
    Mallows: no visible global function definition for 'x11'
    Mallows: no visible global function definition for 'plot'
    Mallows: no visible global function definition for 'dev.off'
    UpdateLambda: no visible global function definition for 'uniroot'
    Undefined global functions or variables:
     dev.off plot runif uniroot x11
    Consider adding
     importFrom("grDevices", "dev.off", "x11")
     importFrom("graphics", "plot")
     importFrom("stats", "runif", "uniroot")
    to your NAMESPACE file.
Flavors: r-devel-windows-ix86+x86_64, r-release-windows-ix86+x86_64, r-release-osx-x86_64, r-oldrel-windows-ix86+x86_64, r-oldrel-osx-x86_64