CRAN Package Check Results for Package RMixtCompIO

Last updated on 2020-09-24 04:57:30 CEST.

Flavor Version Tinstall Tcheck Ttotal Status Flags
r-devel-linux-x86_64-debian-clang 4.0.5 372.29 166.69 538.98 OK
r-devel-linux-x86_64-debian-gcc 4.0.5 281.07 134.19 415.26 OK
r-devel-linux-x86_64-fedora-clang 4.0.5 805.89 NOTE
r-devel-linux-x86_64-fedora-gcc 4.0.5 682.24 OK
r-devel-windows-ix86+x86_64 4.0.5 841.00 409.00 1250.00 OK
r-patched-linux-x86_64 4.0.5 297.76 162.29 460.05 OK
r-patched-solaris-x86 4.0.5 648.10 OK
r-release-linux-x86_64 4.0.5 286.13 166.17 452.30 OK
r-release-macos-x86_64 4.0.5 NOTE
r-release-windows-ix86+x86_64 4.0.5 695.00 419.00 1114.00 OK
r-oldrel-macos-x86_64 4.0.5 NOTE
r-oldrel-windows-ix86+x86_64 4.0.5 590.00 369.00 959.00 OK

Check Details

Version: 4.0.5
Check: installed package size
Result: NOTE
     installed size is 36.1Mb
     sub-directories of 1Mb or more:
     libs 35.9Mb
Flavors: r-devel-linux-x86_64-fedora-clang, r-release-macos-x86_64, r-oldrel-macos-x86_64