CRAN Package Check Results for Package RMixtCompIO

Last updated on 2020-02-20 15:48:39 CET.

Flavor Version Tinstall Tcheck Ttotal Status Flags
r-devel-linux-x86_64-debian-clang 4.0.2 344.67 167.14 511.81 OK
r-devel-linux-x86_64-debian-gcc 4.0.2 236.20 133.43 369.63 OK
r-devel-linux-x86_64-fedora-clang 4.0.2 702.52 NOTE
r-devel-linux-x86_64-fedora-gcc 4.0.2 661.59 OK
r-devel-windows-ix86+x86_64 4.0.2 622.00 356.00 978.00 OK
r-devel-windows-ix86+x86_64-gcc8 4.0.2 897.00 440.00 1337.00 OK
r-patched-linux-x86_64 4.0.2 273.42 163.33 436.75 OK
r-patched-solaris-x86 4.0.2 635.40 OK
r-release-linux-x86_64 4.0.2 274.67 158.88 433.55 OK
r-release-windows-ix86+x86_64 4.0.2 597.00 372.00 969.00 OK
r-release-osx-x86_64 4.0.2 NOTE
r-oldrel-windows-ix86+x86_64 4.0.2 614.00 345.00 959.00 OK
r-oldrel-osx-x86_64 4.0.2 NOTE

Check Details

Version: 4.0.2
Check: package dependencies
Result: NOTE
    Suggests orphaned package: ‘Rmixmod’
Flavor: r-devel-linux-x86_64-fedora-clang

Version: 4.0.2
Check: installed package size
Result: NOTE
     installed size is 32.3Mb
     sub-directories of 1Mb or more:
     libs 32.1Mb
Flavors: r-devel-linux-x86_64-fedora-clang, r-release-osx-x86_64, r-oldrel-osx-x86_64