CRAN Package Check Results for Package ROCFTP.MMS

Last updated on 2022-11-29 20:53:10 CET.

Flavor Version Tinstall Tcheck Ttotal Status Flags
r-devel-linux-x86_64-debian-clang 1.0.0 3.51 32.69 36.20 NOTE
r-devel-linux-x86_64-debian-gcc 1.0.0 2.51 26.06 28.57 NOTE
r-devel-linux-x86_64-fedora-clang 1.0.0 55.60 NOTE
r-devel-linux-x86_64-fedora-gcc 1.0.0 53.21 NOTE
r-devel-windows-x86_64 1.0.0 9.00 59.00 68.00 NOTE
r-patched-linux-x86_64 1.0.0 2.96 32.12 35.08 OK
r-release-linux-x86_64 1.0.0 3.25 32.27 35.52 OK
r-release-macos-arm64 1.0.0 19.00 OK
r-release-macos-x86_64 1.0.0 24.00 OK
r-release-windows-x86_64 1.0.0 13.00 61.00 74.00 OK
r-oldrel-macos-arm64 1.0.0 15.00 OK
r-oldrel-macos-x86_64 1.0.0 24.00 OK
r-oldrel-windows-ix86+x86_64 1.0.0 7.00 61.00 68.00 OK

Check Details

Version: 1.0.0
Check: package subdirectories
Result: NOTE
    Problems with news in 'NEWS.md':
    No news entries found.
Flavors: r-devel-linux-x86_64-debian-clang, r-devel-linux-x86_64-debian-gcc, r-devel-linux-x86_64-fedora-clang, r-devel-linux-x86_64-fedora-gcc, r-devel-windows-x86_64