CRAN Package Check Results for Package ROCR

Last updated on 2022-12-09 10:00:33 CET.

Flavor Version Tinstall Tcheck Ttotal Status Flags
r-devel-linux-x86_64-debian-clang 1.0-11 3.98 135.44 139.42 NOTE
r-devel-linux-x86_64-debian-gcc 1.0-11 3.82 101.34 105.16 NOTE
r-devel-linux-x86_64-fedora-clang 1.0-11 171.09 NOTE
r-devel-linux-x86_64-fedora-gcc 1.0-11 176.86 NOTE
r-devel-windows-x86_64 1.0-11 19.00 186.00 205.00 NOTE
r-patched-linux-x86_64 1.0-11 5.02 134.44 139.46 OK
r-release-linux-x86_64 1.0-11 4.08 123.84 127.92 OK
r-release-macos-arm64 1.0-11 49.00 OK
r-release-macos-x86_64 1.0-11 78.00 OK
r-release-windows-x86_64 1.0-11 26.00 172.00 198.00 OK
r-oldrel-macos-arm64 1.0-11 59.00 OK
r-oldrel-macos-x86_64 1.0-11 109.00 OK
r-oldrel-windows-ix86+x86_64 1.0-11 12.00 163.00 175.00 OK

Check Details

Version: 1.0-11
Check: Rd files
Result: NOTE
    checkRd: (-1) performance.Rd:35: Escaped LaTeX specials: \#
    checkRd: (-1) performance.Rd:36: Escaped LaTeX specials: \# \# \#
    checkRd: (-1) performance.Rd:37: Escaped LaTeX specials: \# \#
Flavors: r-devel-linux-x86_64-debian-clang, r-devel-linux-x86_64-debian-gcc, r-devel-linux-x86_64-fedora-clang, r-devel-linux-x86_64-fedora-gcc, r-devel-windows-x86_64