CRAN Package Check Results for Package ROI.models.globalOptTests

Last updated on 2019-12-10 17:50:15 CET.

Flavor Version Tinstall Tcheck Ttotal Status Flags
r-devel-linux-x86_64-debian-clang 1.1 1.85 21.69 23.54 OK
r-devel-linux-x86_64-debian-gcc 1.1 1.72 17.55 19.27 OK
r-devel-linux-x86_64-fedora-clang 1.1 29.50 OK
r-devel-linux-x86_64-fedora-gcc 1.1 29.38 OK
r-devel-windows-ix86+x86_64 1.1 6.00 37.00 43.00 OK
r-devel-windows-ix86+x86_64-gcc8 1.1 6.00 34.00 40.00 OK
r-patched-linux-x86_64 1.1 1.53 20.07 21.60 OK
r-patched-solaris-x86 1.1 41.90 OK
r-release-linux-x86_64 1.1 1.56 20.11 21.67 OK
r-release-windows-ix86+x86_64 1.1 4.00 47.00 51.00 OK
r-release-osx-x86_64 1.1 OK
r-oldrel-windows-ix86+x86_64 1.1 5.00 56.00 61.00 OK
r-oldrel-osx-x86_64 1.1 NOTE

Check Details

Version: 1.1
Check: package dependencies
Result: NOTE
    Package suggested but not available for checking: ‘Rglpk’
Flavor: r-oldrel-osx-x86_64