CRAN Package Check Results for Package ROI.models.globalOptTests

Last updated on 2019-08-20 05:47:16 CEST.

Flavor Version Tinstall Tcheck Ttotal Status Flags
r-devel-linux-x86_64-debian-clang 1.1 2.08 20.65 22.73 OK
r-devel-linux-x86_64-debian-gcc 1.1 1.53 17.01 18.54 OK
r-devel-linux-x86_64-fedora-clang 1.1 29.39 OK
r-devel-linux-x86_64-fedora-gcc 1.1 27.68 OK
r-devel-windows-ix86+x86_64 1.1 10.00 43.00 53.00 OK
r-patched-linux-x86_64 1.1 1.68 20.78 22.46 OK
r-patched-solaris-x86 1.1 44.10 OK
r-release-linux-x86_64 1.1 1.68 20.68 22.36 OK
r-release-windows-ix86+x86_64 1.1 7.00 30.00 37.00 OK
r-release-osx-x86_64 1.1 OK
r-oldrel-windows-ix86+x86_64 1.1 3.00 45.00 48.00 OK
r-oldrel-osx-x86_64 1.1 NOTE

Check Details

Version: 1.1
Check: package dependencies
Result: NOTE
    Package suggested but not available for checking: ‘Rglpk’
Flavor: r-oldrel-osx-x86_64