CRAN Package Check Results for Package ROI.plugin.ecos

Last updated on 2021-09-21 13:52:43 CEST.

Flavor Version Tinstall Tcheck Ttotal Status Flags
r-devel-linux-x86_64-debian-clang 1.0-0 17.83 309.51 327.34 OK
r-devel-linux-x86_64-debian-gcc 1.0-0 16.35 205.12 221.47 OK
r-devel-linux-x86_64-fedora-clang 1.0-0 361.52 OK
r-devel-linux-x86_64-fedora-gcc 1.0-0 401.03 OK
r-devel-windows-x86_64 1.0-0 23.00 215.00 238.00 OK
r-devel-windows-x86_64-gcc10-UCRT 1.0-0 ERROR
r-patched-linux-x86_64 1.0-0 17.92 248.89 266.81 OK
r-patched-solaris-x86 1.0-0 375.20 OK
r-release-linux-x86_64 1.0-0 19.81 248.44 268.25 OK
r-release-macos-arm64 1.0-0 OK
r-release-macos-x86_64 1.0-0 OK
r-release-windows-ix86+x86_64 1.0-0 55.00 281.00 336.00 OK
r-oldrel-macos-x86_64 1.0-0 OK
r-oldrel-windows-ix86+x86_64 1.0-0 54.00 190.00 244.00 OK

Check Details

Version: 1.0-0
Check: whether package can be installed
Result: WARN
    Found the following significant warnings:
     WARNING: installation-time patches will not be applied, could not get the patches index
Flavor: r-devel-windows-x86_64-gcc10-UCRT

Version: 1.0-0
Check: PDF version of manual
Result: WARN
    LaTeX errors when creating PDF version.
    This typically indicates Rd problems.
Flavor: r-devel-windows-x86_64-gcc10-UCRT

Version: 1.0-0
Check: PDF version of manual without hyperrefs or index
Result: ERROR
    Re-running with no redirection of stdout/stderr.
Flavor: r-devel-windows-x86_64-gcc10-UCRT