CRAN Package Check Results for Package ROI.plugin.ecos

Last updated on 2021-05-11 09:50:50 CEST.

Flavor Version Tinstall Tcheck Ttotal Status Flags
r-devel-linux-x86_64-debian-clang 1.0-0 19.39 260.59 279.98 OK
r-devel-linux-x86_64-debian-gcc 1.0-0 15.44 182.20 197.64 OK
r-devel-linux-x86_64-fedora-clang 1.0-0 326.10 OK
r-devel-linux-x86_64-fedora-gcc 1.0-0 394.21 OK
r-devel-windows-ix86+x86_64 1.0-0 41.00 283.00 324.00 OK
r-devel-windows-x86_64-gcc10-UCRT 1.0-0 OK
r-patched-linux-x86_64 1.0-0 17.84 247.67 265.51 OK
r-patched-solaris-x86 1.0-0 378.70 OK
r-release-linux-x86_64 1.0-0 21.39 233.48 254.87 OK
r-release-macos-x86_64 1.0-0 OK
r-release-windows-ix86+x86_64 1.0-0 34.00 197.00 231.00 OK
r-oldrel-macos-x86_64 1.0-0 OK
r-oldrel-windows-ix86+x86_64 1.0-0 36.00 0.00 36.00 ERROR

Check Details

Version: 1.0-0
Check: whether package can be installed
Result: ERROR
    Installation failed.
Flavor: r-oldrel-windows-ix86+x86_64