Last updated on 2023-03-29 16:50:26 CEST.
Flavor | Version | Tinstall | Tcheck | Ttotal | Status | Flags |
---|---|---|---|---|---|---|
r-devel-linux-x86_64-debian-clang | 1.0-2 | 4.62 | 49.28 | 53.90 | OK | |
r-devel-linux-x86_64-debian-gcc | 1.0-2 | 2.98 | 37.02 | 40.00 | OK | |
r-devel-linux-x86_64-fedora-clang | 1.0-2 | 66.81 | OK | |||
r-devel-linux-x86_64-fedora-gcc | 1.0-2 | 68.35 | OK | |||
r-devel-windows-x86_64 | 1.0-2 | 14.00 | 0.00 | 14.00 | OK | |
r-patched-linux-x86_64 | 1.0-2 | 2.72 | 48.00 | 50.72 | OK | |
r-release-linux-x86_64 | 1.0-2 | 3.97 | 47.95 | 51.92 | OK | |
r-release-macos-arm64 | 1.0-2 | 22.00 | OK | |||
r-release-macos-x86_64 | 1.0-2 | 28.00 | OK | |||
r-release-windows-x86_64 | 1.0-2 | 16.00 | 83.00 | 99.00 | OK | |
r-oldrel-macos-arm64 | 1.0-2 | 25.00 | OK | |||
r-oldrel-macos-x86_64 | 1.0-2 | 32.00 | OK | |||
r-oldrel-windows-ix86+x86_64 | 1.0-2 | 1.00 | 19.00 | 20.00 | ERROR |
Version: 1.0-2
Check: package dependencies
Result: ERROR
Package required but not available: 'highs'
See section 'The DESCRIPTION file' in the 'Writing R Extensions'
manual.
Flavor: r-oldrel-windows-ix86+x86_64