CRAN Package Check Results for Package ROSE

Last updated on 2023-01-29 23:03:20 CET.

Flavor Version Tinstall Tcheck Ttotal Status Flags
r-devel-linux-x86_64-debian-clang 0.0-4 2.77 27.88 30.65 OK
r-devel-linux-x86_64-debian-gcc 0.0-4 1.92 21.50 23.42 OK
r-devel-linux-x86_64-fedora-clang 0.0-4 38.98 NOTE
r-devel-linux-x86_64-fedora-gcc 0.0-4 39.17 OK
r-devel-windows-x86_64 0.0-4 13.00 62.00 75.00 OK
r-patched-linux-x86_64 0.0-4 2.35 26.92 29.27 OK
r-release-linux-x86_64 0.0-4 2.31 27.28 29.59 OK
r-release-macos-arm64 0.0-4 15.00 OK
r-release-macos-x86_64 0.0-4 23.00 OK
r-release-windows-x86_64 0.0-4 15.00 57.00 72.00 OK
r-oldrel-macos-arm64 0.0-4 16.00 OK
r-oldrel-macos-x86_64 0.0-4 22.00 OK
r-oldrel-windows-ix86+x86_64 0.0-4 7.00 55.00 62.00 OK

Check Details

Version: 0.0-4
Check: Rd cross-references
Result: NOTE
    Undeclared package ‘pROC’ in Rd xrefs
Flavor: r-devel-linux-x86_64-fedora-clang