CRAN Package Check Results for Package ROSE

Last updated on 2021-06-14 14:51:37 CEST.

Flavor Version Tinstall Tcheck Ttotal Status Flags
r-devel-linux-x86_64-debian-clang 0.0-3 2.98 30.59 33.57 NOTE
r-devel-linux-x86_64-debian-gcc 0.0-3 2.21 24.57 26.78 NOTE
r-devel-linux-x86_64-fedora-clang 0.0-3 49.99 NOTE
r-devel-linux-x86_64-fedora-gcc 0.0-4 26.50 OK
r-devel-windows-x86_64 0.0-3 4.00 42.00 46.00 NOTE
r-devel-windows-x86_64-gcc10-UCRT 0.0-3 NOTE
r-patched-linux-x86_64 0.0-3 2.90 29.87 32.77 NOTE
r-patched-solaris-x86 0.0-4 51.80 OK
r-release-linux-x86_64 0.0-3 2.20 29.85 32.05 NOTE
r-release-macos-arm64 0.0-3 NOTE
r-release-macos-x86_64 0.0-3 NOTE
r-release-windows-ix86+x86_64 0.0-3 6.00 34.00 40.00 NOTE
r-oldrel-macos-x86_64 0.0-3 NOTE
r-oldrel-windows-ix86+x86_64 0.0-4 4.00 36.00 40.00 OK

Check Details

Version: 0.0-3
Check: R code for possible problems
Result: NOTE
    ROSE.eval: no visible global function definition for 'methods'
    ROSE.eval: no visible binding for global variable 'model.frame'
    ROSE.eval: no visible binding for global variable 'predict'
    adj.formula: no visible global function definition for 'terms'
    adj.formula: no visible global function definition for 'as.formula'
    omnibus.balancing: no visible binding for global variable 'model.frame'
    ou.sampl: no visible global function definition for 'rbinom'
    over.sampl: no visible global function definition for 'rbinom'
    roc.curve: no visible global function definition for 'lines'
    roc.curve: no visible global function definition for 'abline'
    rose.real: no visible binding for global variable 'sd'
    rose.real: no visible global function definition for 'sd'
    rose.real: no visible global function definition for 'rnorm'
    rose.sampl: no visible global function definition for 'rbinom'
    under.sampl: no visible global function definition for 'rbinom'
    Undefined global functions or variables:
     abline as.formula lines methods model.frame predict rbinom rnorm sd
     terms
    Consider adding
     importFrom("graphics", "abline", "lines")
     importFrom("stats", "as.formula", "model.frame", "predict", "rbinom",
     "rnorm", "sd", "terms")
     importFrom("utils", "methods")
    to your NAMESPACE file.
Flavors: r-devel-linux-x86_64-debian-clang, r-devel-linux-x86_64-debian-gcc, r-devel-linux-x86_64-fedora-clang, r-devel-windows-x86_64, r-devel-windows-x86_64-gcc10-UCRT, r-patched-linux-x86_64, r-release-linux-x86_64, r-release-macos-arm64, r-release-macos-x86_64, r-release-windows-ix86+x86_64, r-oldrel-macos-x86_64

Version: 0.0-3
Check: Rd cross-references
Result: NOTE
    Unknown package 'DMwR' in Rd xrefs
Flavors: r-devel-linux-x86_64-debian-clang, r-devel-linux-x86_64-debian-gcc, r-devel-windows-x86_64-gcc10-UCRT, r-patched-linux-x86_64, r-release-linux-x86_64

Version: 0.0-3
Check: Rd cross-references
Result: NOTE
    Undeclared packages ‘DMwR’, ‘pROC’ in Rd xrefs
    Unknown package ‘DMwR’ in Rd xrefs
Flavor: r-devel-linux-x86_64-fedora-clang