CRAN Package Check Results for Package ROpenCVLite

Last updated on 2020-11-24 04:50:43 CET.

Flavor Version Tinstall Tcheck Ttotal Status Flags
r-devel-linux-x86_64-debian-clang 4.30.2 3.01 25.76 28.77 OK
r-devel-linux-x86_64-debian-gcc 4.30.2 2.22 21.15 23.37 OK
r-devel-linux-x86_64-fedora-clang 4.30.2 40.36 OK
r-devel-linux-x86_64-fedora-gcc 4.30.2 31.16 OK
r-devel-windows-ix86+x86_64 4.30.2 6.00 31.00 37.00 OK
r-patched-linux-x86_64 4.30.2 3.04 23.97 27.01 OK
r-patched-solaris-x86 4.30.2 45.60 OK
r-release-linux-x86_64 4.30.2 3.04 24.73 27.77 OK
r-release-macos-x86_64 4.30.2 WARN
r-release-windows-ix86+x86_64 4.30.2 5.00 30.00 35.00 OK
r-oldrel-macos-x86_64 4.30.2 WARN
r-oldrel-windows-ix86+x86_64 4.30.2 3.00 30.00 33.00 OK

Check Details

Version: 4.30.2
Check: dependencies in R code
Result: NOTE
    sh: cmake: command not found
Flavors: r-release-macos-x86_64, r-oldrel-macos-x86_64

Version: 4.30.2
Check: S3 generic/method consistency
Result: WARN
    sh: cmake: command not found
    See section ‘Generic functions and methods’ in the ‘Writing R
    Extensions’ manual.
Flavors: r-release-macos-x86_64, r-oldrel-macos-x86_64

Version: 4.30.2
Check: replacement functions
Result: WARN
    sh: cmake: command not found
    The argument of a replacement function which corresponds to the right
    hand side must be named ‘value’.
Flavors: r-release-macos-x86_64, r-oldrel-macos-x86_64

Version: 4.30.2
Check: foreign function calls
Result: NOTE
    sh: cmake: command not found
    See chapter ‘System and foreign language interfaces’ in the ‘Writing R
    Extensions’ manual.
Flavors: r-release-macos-x86_64, r-oldrel-macos-x86_64

Version: 4.30.2
Check: for missing documentation entries
Result: WARN
    sh: cmake: command not found
    All user-level objects in a package should have documentation entries.
    See chapter ‘Writing R documentation files’ in the ‘Writing R
    Extensions’ manual.
Flavors: r-release-macos-x86_64, r-oldrel-macos-x86_64

Version: 4.30.2
Check: for code/documentation mismatches
Result: WARN
    sh: cmake: command not found
    sh: cmake: command not found
    sh: cmake: command not found
Flavors: r-release-macos-x86_64, r-oldrel-macos-x86_64

Version: 4.30.2
Check: Rd \usage sections
Result: NOTE
    sh: cmake: command not found
    The \usage entries for S3 methods should use the \method markup and not
    their full name.
    See chapter ‘Writing R documentation files’ in the ‘Writing R
    Extensions’ manual.
Flavors: r-release-macos-x86_64, r-oldrel-macos-x86_64