CRAN Package Check Results for Package ROpenCVLite

Last updated on 2021-11-28 05:49:45 CET.

Flavor Version Tinstall Tcheck Ttotal Status Flags
r-devel-linux-x86_64-debian-clang 4.52.0 OK
r-devel-linux-x86_64-debian-gcc 4.52.0 1.89 18.91 20.80 OK
r-devel-linux-x86_64-fedora-clang 4.52.0 43.23 OK
r-devel-linux-x86_64-fedora-gcc 4.52.0 32.51 OK
r-devel-windows-x86_64-new-UL 4.52.0 8.00 64.00 72.00 OK
r-devel-windows-x86_64-new-TK 4.52.0 OK
r-devel-windows-x86_64-old 4.52.0 4.00 33.00 37.00 OK
r-patched-linux-x86_64 4.52.0 2.30 23.59 25.89 OK
r-patched-solaris-x86 4.52.0 50.40 OK
r-release-linux-x86_64 4.52.0 1.92 23.44 25.36 OK
r-release-macos-arm64 4.52.0 OK
r-release-macos-x86_64 4.52.0 WARN
r-release-windows-ix86+x86_64 4.52.0 5.00 49.00 54.00 OK
r-oldrel-macos-x86_64 4.52.0 WARN
r-oldrel-windows-ix86+x86_64 4.52.0 5.00 41.00 46.00 OK

Check Details

Version: 4.52.0
Check: dependencies in R code
Result: NOTE
    sh: cmake: command not found
Flavors: r-release-macos-x86_64, r-oldrel-macos-x86_64

Version: 4.52.0
Check: S3 generic/method consistency
Result: WARN
    sh: cmake: command not found
    See section ‘Generic functions and methods’ in the ‘Writing R
    Extensions’ manual.
Flavors: r-release-macos-x86_64, r-oldrel-macos-x86_64

Version: 4.52.0
Check: replacement functions
Result: WARN
    sh: cmake: command not found
    The argument of a replacement function which corresponds to the right
    hand side must be named ‘value’.
Flavors: r-release-macos-x86_64, r-oldrel-macos-x86_64

Version: 4.52.0
Check: foreign function calls
Result: NOTE
    sh: cmake: command not found
    See chapter ‘System and foreign language interfaces’ in the ‘Writing R
    Extensions’ manual.
Flavors: r-release-macos-x86_64, r-oldrel-macos-x86_64

Version: 4.52.0
Check: for missing documentation entries
Result: WARN
    sh: cmake: command not found
    All user-level objects in a package should have documentation entries.
    See chapter ‘Writing R documentation files’ in the ‘Writing R
    Extensions’ manual.
Flavors: r-release-macos-x86_64, r-oldrel-macos-x86_64

Version: 4.52.0
Check: for code/documentation mismatches
Result: WARN
    sh: cmake: command not found
    sh: cmake: command not found
    sh: cmake: command not found
Flavors: r-release-macos-x86_64, r-oldrel-macos-x86_64

Version: 4.52.0
Check: Rd \usage sections
Result: NOTE
    sh: cmake: command not found
    The \usage entries for S3 methods should use the \method markup and not
    their full name.
    See chapter ‘Writing R documentation files’ in the ‘Writing R
    Extensions’ manual.
Flavors: r-release-macos-x86_64, r-oldrel-macos-x86_64