CRAN Package Check Results for Package ROpenCVLite

Last updated on 2020-04-02 11:48:18 CEST.

Flavor Version Tinstall Tcheck Ttotal Status Flags
r-devel-linux-x86_64-debian-clang 0.3.412 2.28 22.99 25.27 OK
r-devel-linux-x86_64-debian-gcc 0.3.412 1.78 18.50 20.28 OK
r-devel-linux-x86_64-fedora-clang 0.3.412 31.38 OK
r-devel-linux-x86_64-fedora-gcc 0.3.412 30.65 OK
r-devel-windows-ix86+x86_64 0.3.412 6.00 37.00 43.00 OK
r-devel-windows-ix86+x86_64-gcc8 0.3.412 6.00 41.00 47.00 OK
r-patched-linux-x86_64 0.3.412 1.87 23.06 24.93 OK
r-patched-solaris-x86 0.3.412 47.50 OK
r-release-linux-x86_64 0.3.412 1.81 21.15 22.96 OK
r-release-windows-ix86+x86_64 0.3.412 6.00 37.00 43.00 OK
r-release-osx-x86_64 0.3.412 WARN
r-oldrel-windows-ix86+x86_64 0.3.412 5.00 34.00 39.00 OK
r-oldrel-osx-x86_64 0.3.412 WARN

Check Details

Version: 0.3.412
Check: dependencies in R code
Result: NOTE
    sh: cmake: command not found
Flavors: r-release-osx-x86_64, r-oldrel-osx-x86_64

Version: 0.3.412
Check: S3 generic/method consistency
Result: WARN
    sh: cmake: command not found
    See section ‘Generic functions and methods’ in the ‘Writing R
    Extensions’ manual.
Flavors: r-release-osx-x86_64, r-oldrel-osx-x86_64

Version: 0.3.412
Check: replacement functions
Result: WARN
    sh: cmake: command not found
    The argument of a replacement function which corresponds to the right
    hand side must be named ‘value’.
Flavors: r-release-osx-x86_64, r-oldrel-osx-x86_64

Version: 0.3.412
Check: foreign function calls
Result: NOTE
    sh: cmake: command not found
    See chapter ‘System and foreign language interfaces’ in the ‘Writing R
    Extensions’ manual.
Flavors: r-release-osx-x86_64, r-oldrel-osx-x86_64

Version: 0.3.412
Check: for missing documentation entries
Result: WARN
    sh: cmake: command not found
    All user-level objects in a package should have documentation entries.
    See chapter ‘Writing R documentation files’ in the ‘Writing R
    Extensions’ manual.
Flavors: r-release-osx-x86_64, r-oldrel-osx-x86_64

Version: 0.3.412
Check: for code/documentation mismatches
Result: WARN
    sh: cmake: command not found
    sh: cmake: command not found
    sh: cmake: command not found
Flavors: r-release-osx-x86_64, r-oldrel-osx-x86_64

Version: 0.3.412
Check: Rd \usage sections
Result: NOTE
    sh: cmake: command not found
    The \usage entries for S3 methods should use the \method markup and not
    their full name.
    See chapter ‘Writing R documentation files’ in the ‘Writing R
    Extensions’ manual.
Flavors: r-release-osx-x86_64, r-oldrel-osx-x86_64