Last updated on 2023-03-30 02:50:52 CEST.
Flavor | Version | Tinstall | Tcheck | Ttotal | Status | Flags |
---|---|---|---|---|---|---|
r-devel-linux-x86_64-debian-clang | 0.2.8 | 2.22 | 25.59 | 27.81 | NOTE | |
r-devel-linux-x86_64-debian-gcc | 0.2.8 | 1.65 | 20.42 | 22.07 | NOTE | |
r-devel-linux-x86_64-fedora-clang | 0.2.8 | 35.36 | NOTE | |||
r-devel-linux-x86_64-fedora-gcc | 0.2.8 | 35.15 | NOTE | |||
r-devel-windows-x86_64 | 0.2.8 | 8.00 | 0.00 | 8.00 | NOTE | |
r-patched-linux-x86_64 | 0.2.8 | 2.26 | 24.91 | 27.17 | NOTE | |
r-release-linux-x86_64 | 0.2.8 | 1.61 | 26.43 | 28.04 | NOTE | |
r-release-macos-arm64 | 0.2.8 | 18.00 | NOTE | |||
r-release-macos-x86_64 | 0.2.8 | 23.00 | NOTE | |||
r-release-windows-x86_64 | 0.2.8 | 11.00 | 53.00 | 64.00 | NOTE | |
r-oldrel-macos-arm64 | 0.2.8 | 24.00 | NOTE | |||
r-oldrel-macos-x86_64 | 0.2.8 | 27.00 | NOTE | |||
r-oldrel-windows-ix86+x86_64 | 0.2.8 | 5.00 | 54.00 | 59.00 | NOTE |
Version: 0.2.8
Check: LazyData
Result: NOTE
'LazyData' is specified without a 'data' directory
Flavors: r-devel-linux-x86_64-debian-clang, r-devel-linux-x86_64-debian-gcc, r-devel-linux-x86_64-fedora-clang, r-devel-linux-x86_64-fedora-gcc, r-devel-windows-x86_64, r-patched-linux-x86_64, r-release-linux-x86_64, r-release-macos-arm64, r-release-macos-x86_64, r-release-windows-x86_64, r-oldrel-macos-arm64, r-oldrel-macos-x86_64, r-oldrel-windows-ix86+x86_64