CRAN Package Check Results for Package ROptEst

Last updated on 2020-01-26 18:50:24 CET.

Flavor Version Tinstall Tcheck Ttotal Status Flags
r-devel-linux-x86_64-debian-clang 1.2.1 39.76 163.10 202.86 OK
r-devel-linux-x86_64-debian-gcc 1.2.1 0.47 1.70 2.17 ERROR
r-devel-linux-x86_64-fedora-clang 1.2.1 243.50 OK
r-devel-linux-x86_64-fedora-gcc 1.2.1 244.23 OK
r-devel-windows-ix86+x86_64 1.2.1 77.00 223.00 300.00 OK
r-devel-windows-ix86+x86_64-gcc8 1.2.1 82.00 162.00 244.00 OK
r-patched-linux-x86_64 1.2.1 28.22 137.51 165.73 OK
r-patched-solaris-x86 1.2.1 291.80 OK
r-release-linux-x86_64 1.2.1 27.49 138.36 165.85 OK
r-release-windows-ix86+x86_64 1.2.1 49.00 142.00 191.00 OK
r-release-osx-x86_64 1.2.1 NOTE
r-oldrel-windows-ix86+x86_64 1.2.1 33.00 139.00 172.00 OK
r-oldrel-osx-x86_64 1.2.1 OK

Check Details

Version: 1.2.1
Check: package dependencies
Result: ERROR
    Packages required but not available:
     'distr', 'distrEx', 'distrMod', 'RandVar', 'RobAStBase'
    
    Package suggested but not available for checking: ‘RobLox’
    
    See section ‘The DESCRIPTION file’ in the ‘Writing R Extensions’
    manual.
Flavor: r-devel-linux-x86_64-debian-gcc

Version: 1.2.1
Check: package dependencies
Result: NOTE
    Package suggested but not available for checking: ‘RobLox’
Flavor: r-release-osx-x86_64

Version: 1.2.1
Check: Rd cross-references
Result: NOTE
    Package unavailable to check Rd xrefs: ‘RobLox’
Flavor: r-release-osx-x86_64