CRAN Package Check Results for Package ROptSpace

Last updated on 2023-03-30 21:50:05 CEST.

Flavor Version Tinstall Tcheck Ttotal Status Flags
r-devel-linux-x86_64-debian-clang 0.2.3 29.40 32.62 62.02 NOTE
r-devel-linux-x86_64-debian-gcc 0.2.3 20.92 26.21 47.13 NOTE
r-devel-linux-x86_64-fedora-clang 0.2.3 89.31 NOTE
r-devel-linux-x86_64-fedora-gcc 0.2.3 81.49 NOTE
r-devel-windows-x86_64 0.2.3 40.00 0.00 40.00 NOTE
r-patched-linux-x86_64 0.2.3 21.82 32.30 54.12 NOTE
r-release-linux-x86_64 0.2.3 24.71 32.71 57.42 OK
r-release-macos-arm64 0.2.3 30.00 OK
r-release-macos-x86_64 0.2.3 37.00 OK
r-release-windows-x86_64 0.2.3 30.00 106.00 136.00 OK
r-oldrel-macos-arm64 0.2.3 27.00 OK
r-oldrel-macos-x86_64 0.2.3 40.00 OK
r-oldrel-windows-ix86+x86_64 0.2.3 72.00 90.00 162.00 OK

Check Details

Version: 0.2.3
Check: C++ specification
Result: NOTE
     Specified C++11: please drop specification unless essential
Flavors: r-devel-linux-x86_64-debian-clang, r-devel-linux-x86_64-debian-gcc, r-devel-linux-x86_64-fedora-clang, r-devel-linux-x86_64-fedora-gcc, r-devel-windows-x86_64, r-patched-linux-x86_64