CRAN Package Check Results for Package ROracle

Last updated on 2022-06-29 12:54:39 CEST.

Flavor Version Tinstall Tcheck Ttotal Status Flags
r-devel-linux-x86_64-debian-clang 1.3-1.1 5.60 37.98 43.58 NOTE --install=fake --no-examples --no-tests --no-vignettes
r-devel-linux-x86_64-debian-gcc 1.3-1.1 4.17 29.54 33.71 NOTE --install=fake --no-examples --no-tests --no-vignettes
r-devel-windows-x86_64 1.3-1.1 45.00 9.00 54.00 ERROR
r-patched-linux-x86_64 1.3-1.1 5.61 36.59 42.20 OK --install=fake --no-examples --no-tests --no-vignettes
r-release-linux-x86_64 1.3-1.1 6.06 36.19 42.25 OK --install=fake --no-examples --no-tests --no-vignettes
r-release-macos-arm64 1.3-1.1 6.00 ERROR
r-release-macos-x86_64 1.3-1.1 7.00 ERROR
r-release-windows-x86_64 1.3-1.1 5.00 7.00 12.00 ERROR
r-oldrel-macos-arm64 1.3-1.1 7.00 ERROR
r-oldrel-macos-x86_64 1.3-1.1 8.00 ERROR

Check Details

Version: 1.3-1.1
Flags: --install=fake --no-examples --no-tests --no-vignettes
Check: Rd files
Result: NOTE
    checkRd: (-1) dbGetInfo-methods.Rd:54: Escaped LaTeX specials: \$
    checkRd: (-1) dbGetInfo-methods.Rd:55: Escaped LaTeX specials: \$
    checkRd: (-1) dbGetInfo-methods.Rd:56: Escaped LaTeX specials: \$
    checkRd: (-1) dbGetInfo-methods.Rd:57: Escaped LaTeX specials: \$
    checkRd: (-1) dbGetInfo-methods.Rd:58: Escaped LaTeX specials: \$
    checkRd: (-1) dbGetInfo-methods.Rd:59: Escaped LaTeX specials: \$
    checkRd: (-1) dbGetInfo-methods.Rd:60: Escaped LaTeX specials: \$
    checkRd: (-1) dbGetInfo-methods.Rd:62: Escaped LaTeX specials: \$
    checkRd: (-1) dbGetInfo-methods.Rd:64: Escaped LaTeX specials: \$
    checkRd: (-1) dbGetInfo-methods.Rd:70: Escaped LaTeX specials: \$
    checkRd: (-1) dbGetInfo-methods.Rd:71: Escaped LaTeX specials: \$
    checkRd: (-1) dbGetInfo-methods.Rd:72: Escaped LaTeX specials: \$
    checkRd: (-1) dbGetInfo-methods.Rd:73: Escaped LaTeX specials: \$
    checkRd: (-1) dbGetInfo-methods.Rd:74: Escaped LaTeX specials: \$
    checkRd: (-1) dbGetInfo-methods.Rd:75: Escaped LaTeX specials: \$
    checkRd: (-1) dbGetInfo-methods.Rd:76: Escaped LaTeX specials: \$
    checkRd: (-1) dbGetInfo-methods.Rd:77: Escaped LaTeX specials: \$
    checkRd: (-1) dbGetInfo-methods.Rd:78: Escaped LaTeX specials: \$
    checkRd: (-1) dbGetInfo-methods.Rd:79: Escaped LaTeX specials: \$
    checkRd: (-1) dbGetInfo-methods.Rd:80: Escaped LaTeX specials: \$
    checkRd: (-1) dbGetInfo-methods.Rd:86: Escaped LaTeX specials: \$
    checkRd: (-1) dbGetInfo-methods.Rd:87: Escaped LaTeX specials: \$
    checkRd: (-1) dbGetInfo-methods.Rd:88: Escaped LaTeX specials: \$
    checkRd: (-1) dbGetInfo-methods.Rd:89: Escaped LaTeX specials: \$
    checkRd: (-1) dbGetInfo-methods.Rd:90: Escaped LaTeX specials: \$
    checkRd: (-1) dbGetInfo-methods.Rd:91: Escaped LaTeX specials: \$
    checkRd: (-1) dbGetInfo-methods.Rd:92: Escaped LaTeX specials: \$
    checkRd: (-1) dbGetInfo-methods.Rd:93: Escaped LaTeX specials: \$
    checkRd: (-1) dbGetInfo-methods.Rd:94: Escaped LaTeX specials: \$
    checkRd: (-1) dbGetInfo-methods.Rd:100: Escaped LaTeX specials: \$
    checkRd: (-1) dbGetInfo-methods.Rd:101: Escaped LaTeX specials: \$
    checkRd: (-1) dbGetInfo-methods.Rd:103: Escaped LaTeX specials: \$
    checkRd: (-1) dbGetInfo-methods.Rd:104: Escaped LaTeX specials: \$
    checkRd: (-1) dbGetInfo-methods.Rd:106: Escaped LaTeX specials: \$
    checkRd: (-1) dbGetInfo-methods.Rd:107: Escaped LaTeX specials: \$
    checkRd: (-1) dbGetInfo-methods.Rd:108: Escaped LaTeX specials: \$
Flavors: r-devel-linux-x86_64-debian-clang, r-devel-linux-x86_64-debian-gcc

Version: 1.3-1.1
Check: whether package can be installed
Result: ERROR
    Installation failed.
Flavors: r-devel-windows-x86_64, r-release-macos-arm64, r-release-macos-x86_64, r-release-windows-x86_64, r-oldrel-macos-arm64, r-oldrel-macos-x86_64