Last updated on 2023-11-30 02:52:37 CET.
Flavor | Version | Tinstall | Tcheck | Ttotal | Status | Flags |
---|---|---|---|---|---|---|
r-devel-linux-x86_64-debian-clang | 2.2 | 93.18 | 714.97 | 808.15 | OK | |
r-devel-linux-x86_64-debian-gcc | 2.2 | 71.48 | 516.86 | 588.34 | OK | |
r-devel-linux-x86_64-fedora-clang | 2.2 | 1009.66 | NOTE | |||
r-devel-linux-x86_64-fedora-gcc | 2.2 | 999.03 | OK | |||
r-devel-windows-x86_64 | 2.2 | 70.00 | 497.00 | 567.00 | OK | |
r-patched-linux-x86_64 | 2.2 | 68.99 | 672.12 | 741.11 | OK | |
r-release-linux-x86_64 | 2.2 | 57.75 | 674.07 | 731.82 | OK | |
r-release-macos-arm64 | 2.2 | 225.00 | OK | |||
r-release-macos-x86_64 | 2.2 | 433.00 | OK | |||
r-release-windows-x86_64 | 2.2 | 101.00 | 655.00 | 756.00 | OK | |
r-oldrel-macos-arm64 | 2.2 | 167.00 | OK | |||
r-oldrel-macos-x86_64 | 2.2 | 275.00 | OK | |||
r-oldrel-windows-x86_64 | 2.2 | 105.00 | 650.00 | 755.00 | OK |
Version: 2.2
Check: package dependencies
Result: NOTE
Imports includes 21 non-default packages.
Importing from so many packages makes the package vulnerable to any of
them becoming unavailable. Move as many as possible to Suggests and
use conditionally.
Flavor: r-devel-linux-x86_64-fedora-clang