CRAN Package Check Results for Package RPPanalyzer

Last updated on 2022-01-25 14:59:49 CET.

Flavor Version Tinstall Tcheck Ttotal Status Flags
r-devel-linux-x86_64-debian-clang 1.4.7 23.06 198.31 221.37 OK
r-devel-linux-x86_64-debian-gcc 1.4.7 20.89 160.13 181.02 OK
r-devel-linux-x86_64-fedora-clang 1.4.7 271.99 NOTE
r-devel-linux-x86_64-fedora-gcc 1.4.7 258.57 OK
r-devel-windows-x86_64-new-UL 1.4.7 135.00 234.00 369.00 NOTE
r-devel-windows-x86_64-new-TK 1.4.7 OK
r-patched-linux-x86_64 1.4.7 25.49 178.81 204.30 OK
r-release-linux-x86_64 1.4.7 18.22 177.17 195.39 OK
r-release-macos-arm64 1.4.7 NOTE
r-release-macos-x86_64 1.4.7 NOTE
r-release-windows-ix86+x86_64 1.4.7 51.00 219.00 270.00 NOTE
r-oldrel-macos-x86_64 1.4.7 NOTE
r-oldrel-windows-ix86+x86_64 1.4.7 52.00 219.00 271.00 NOTE

Check Details

Version: 1.4.7
Check: installed package size
Result: NOTE
     installed size is 5.4Mb
     sub-directories of 1Mb or more:
     extdata 4.5Mb
Flavors: r-devel-linux-x86_64-fedora-clang, r-devel-windows-x86_64-new-UL, r-release-macos-arm64, r-release-macos-x86_64, r-release-windows-ix86+x86_64, r-oldrel-macos-x86_64, r-oldrel-windows-ix86+x86_64