CRAN Package Check Results for Package RPostgres

Last updated on 2020-07-12 14:47:49 CEST.

Flavor Version Tinstall Tcheck Ttotal Status Flags
r-devel-linux-x86_64-debian-clang 1.2.0 174.46 41.11 215.57 OK
r-devel-linux-x86_64-debian-gcc 1.2.0 111.68 32.00 143.68 OK
r-devel-linux-x86_64-fedora-clang 1.2.0 298.91 OK
r-devel-linux-x86_64-fedora-gcc 1.2.0 244.84 OK
r-devel-windows-ix86+x86_64 1.2.0 801.00 156.00 957.00 NOTE
r-patched-linux-x86_64 1.2.0 115.23 40.98 156.21 OK
r-patched-solaris-x86 1.2.0 4.70 ERROR
r-release-linux-x86_64 1.2.0 111.55 40.53 152.08 OK
r-release-macos-x86_64 1.2.0 NOTE
r-release-windows-ix86+x86_64 1.2.0 787.00 117.00 904.00 NOTE
r-oldrel-macos-x86_64 1.2.0 NOTE
r-oldrel-windows-ix86+x86_64 1.2.0 742.00 120.00 862.00 NOTE

Check Details

Version: 1.2.0
Check: installed package size
Result: NOTE
     installed size is 8.7Mb
     sub-directories of 1Mb or more:
     libs 8.4Mb
Flavors: r-devel-windows-ix86+x86_64, r-release-macos-x86_64, r-release-windows-ix86+x86_64, r-oldrel-macos-x86_64, r-oldrel-windows-ix86+x86_64

Version: 1.2.0
Check: whether package can be installed
Result: ERROR
    Installation failed.
Flavor: r-patched-solaris-x86