Last updated on 2022-08-10 08:52:44 CEST.
Flavor | Version | Tinstall | Tcheck | Ttotal | Status | Flags |
---|---|---|---|---|---|---|
r-devel-linux-x86_64-debian-clang | 1.4.4 | 159.65 | 67.63 | 227.28 | OK | |
r-devel-linux-x86_64-debian-gcc | 1.4.4 | 129.04 | 50.91 | 179.95 | OK | |
r-devel-linux-x86_64-fedora-clang | 1.4.4 | 355.85 | OK | |||
r-devel-linux-x86_64-fedora-gcc | 1.4.4 | 295.22 | OK | |||
r-devel-windows-x86_64 | 1.4.4 | 1386.00 | 379.00 | 1765.00 | OK | |
r-patched-linux-x86_64 | 1.4.4 | 131.88 | 63.63 | 195.51 | OK | |
r-release-linux-x86_64 | 1.4.4 | OK | ||||
r-release-macos-arm64 | 1.4.4 | 91.00 | NOTE | |||
r-release-macos-x86_64 | 1.4.4 | 132.00 | NOTE | |||
r-release-windows-x86_64 | 1.4.4 | 929.00 | 372.00 | 1301.00 | OK | |
r-oldrel-macos-arm64 | 1.4.4 | 90.00 | NOTE | |||
r-oldrel-macos-x86_64 | 1.4.4 | 110.00 | NOTE | |||
r-oldrel-windows-ix86+x86_64 | 1.4.4 | 785.00 | 201.00 | 986.00 | NOTE |
Version: 1.4.4
Check: installed package size
Result: NOTE
installed size is 7.2Mb
sub-directories of 1Mb or more:
libs 6.7Mb
Flavors: r-release-macos-arm64, r-release-macos-x86_64, r-oldrel-macos-arm64, r-oldrel-macos-x86_64, r-oldrel-windows-ix86+x86_64