CRAN Package Check Results for Package RProtoBuf

Last updated on 2018-09-22 20:46:38 CEST.

Flavor Version Tinstall Tcheck Ttotal Status Flags
r-devel-linux-x86_64-debian-clang 0.4.12 207.74 121.87 329.61 OK
r-devel-linux-x86_64-debian-gcc 0.4.12 177.31 97.38 274.69 OK
r-devel-linux-x86_64-fedora-clang 0.4.12 499.72 NOTE
r-devel-linux-x86_64-fedora-gcc 0.4.12 466.67 OK
r-devel-windows-ix86+x86_64 0.4.12 646.00 249.00 895.00 ERROR
r-patched-linux-x86_64 0.4.12 222.86 114.15 337.01 OK
r-release-linux-x86_64 0.4.12 227.05 113.63 340.68 OK
r-release-windows-ix86+x86_64 0.4.12 497.00 248.00 745.00 NOTE
r-release-osx-x86_64 0.4.12 ERROR
r-oldrel-windows-ix86+x86_64 0.4.12 485.00 252.00 737.00 NOTE
r-oldrel-osx-x86_64 0.4.12 ERROR

Check Details

Version: 0.4.12
Check: installed package size
Result: NOTE
     installed size is 9.8Mb
     sub-directories of 1Mb or more:
     doc 1.1Mb
     libs 7.7Mb
Flavors: r-devel-linux-x86_64-fedora-clang, r-devel-windows-ix86+x86_64, r-release-windows-ix86+x86_64, r-release-osx-x86_64, r-oldrel-windows-ix86+x86_64, r-oldrel-osx-x86_64

Version: 0.4.12
Check: running examples for arch ‘i386’
Result: ERROR
    Running examples in 'RProtoBuf-Ex.R' failed
    The error most likely occurred in:
    
    > ### Name: readASCII-methods
    > ### Title: read a message in ASCII format
    > ### Aliases: readASCII readASCII-methods readASCII,Descriptor,ANY-method
    > ### readASCII,Descriptor,character-method
    > ### Keywords: methods
    >
    > ### ** Examples
    >
    > # example file that contains a "tutorial.AddressBook" message
    > book <- system.file( "examples", "addressbook.pb", package = "RProtoBuf" )
    >
    > # read the message
    > message <- read( tutorial.AddressBook, book )
    >
    > # Output in text format to a temporary file
    > out.file <- tempfile()
    > writeLines( as.character(message), file(out.file))
    >
    > # Verify that we can read back in the message from a text file.
    > message2 <- readASCII( tutorial.AddressBook, file(out.file, "rb"))
    >
    > # Verify that we can read back in the message from an unopened file.
    > message3 <- readASCII( tutorial.AddressBook, file(out.file))
    >
    > ## Don't show:
    > stopifnot( identical( message, message2) )
    > ## End(Don't show)
    >
    >
    >
    > cleanEx()
    Error: connections left open:
     D:\temp\RtmpeOvaUJ\file2ae085e866ae0 (file)
    Execution halted
Flavor: r-devel-windows-ix86+x86_64

Version: 0.4.12
Check: running examples for arch ‘x64’
Result: ERROR
    Running examples in 'RProtoBuf-Ex.R' failed
    The error most likely occurred in:
    
    > ### Name: readASCII-methods
    > ### Title: read a message in ASCII format
    > ### Aliases: readASCII readASCII-methods readASCII,Descriptor,ANY-method
    > ### readASCII,Descriptor,character-method
    > ### Keywords: methods
    >
    > ### ** Examples
    >
    > # example file that contains a "tutorial.AddressBook" message
    > book <- system.file( "examples", "addressbook.pb", package = "RProtoBuf" )
    >
    > # read the message
    > message <- read( tutorial.AddressBook, book )
    >
    > # Output in text format to a temporary file
    > out.file <- tempfile()
    > writeLines( as.character(message), file(out.file))
    >
    > # Verify that we can read back in the message from a text file.
    > message2 <- readASCII( tutorial.AddressBook, file(out.file, "rb"))
    >
    > # Verify that we can read back in the message from an unopened file.
    > message3 <- readASCII( tutorial.AddressBook, file(out.file))
    >
    > ## Don't show:
    > stopifnot( identical( message, message2) )
    > ## End(Don't show)
    >
    >
    >
    > cleanEx()
    Error: connections left open:
     D:\temp\RtmpsNR7fV\file32148452566b (file)
    Execution halted
Flavor: r-devel-windows-ix86+x86_64

Version: 0.4.12
Check: tests
Result: ERROR
     Running ‘runUnitTests.R’ [2s/2s]
    Running the tests in ‘tests/runUnitTests.R’ failed.
    Last 13 lines of output:
     ---------------------------
     Test file: /Volumes/SSD-Data/Builds/R-dev-web/QA/Simon/packages/el-capitan-x86_64/results/3.5/RProtoBuf.Rcheck/RProtoBuf/unitTests/runit.serialize_pb.R
     test.serialize.sublist: (1 checks) ... OK (0.01 seconds)
     test.serialize_pb: (2 checks) ... OK (0.03 seconds)
     test.serialize_pb.alldatasets: (1 checks) ... OK (0.54 seconds)
     >
     > ## Return success or failure to R CMD CHECK
     > if (getErrors(tests)$nFail > 0) {
     + stop("TEST FAILED!")
     + }
     > if (getErrors(tests)$nErr > 0) {
     + stop("TEST HAD ERRORS!")
     + }
     Error: TEST HAD ERRORS!
     Execution halted
Flavor: r-release-osx-x86_64

Version: 0.4.12
Check: tests
Result: ERROR
     Running ‘runUnitTests.R’ [2s/2s]
    Running the tests in ‘tests/runUnitTests.R’ failed.
    Last 13 lines of output:
     ---------------------------
     Test file: /Volumes/SSD-Data/Builds/R-dev-web/QA/Simon/packages/el-capitan-x86_64/results/3.4/RProtoBuf.Rcheck/RProtoBuf/unitTests/runit.serialize_pb.R
     test.serialize.sublist: (1 checks) ... OK (0.04 seconds)
     test.serialize_pb: (2 checks) ... OK (0.03 seconds)
     test.serialize_pb.alldatasets: (1 checks) ... OK (0.52 seconds)
     >
     > ## Return success or failure to R CMD CHECK
     > if (getErrors(tests)$nFail > 0) {
     + stop("TEST FAILED!")
     + }
     > if (getErrors(tests)$nErr > 0) {
     + stop("TEST HAD ERRORS!")
     + }
     Error: TEST HAD ERRORS!
     Execution halted
Flavor: r-oldrel-osx-x86_64