CRAN Package Check Results for Package RProtoBuf

Last updated on 2018-12-14 16:50:55 CET.

Flavor Version Tinstall Tcheck Ttotal Status Flags
r-devel-linux-x86_64-debian-clang 0.4.13 217.57 120.25 337.82 OK
r-devel-linux-x86_64-debian-gcc 0.4.13 188.67 94.53 283.20 OK
r-devel-linux-x86_64-fedora-clang 0.4.13 428.15 WARN
r-devel-linux-x86_64-fedora-gcc 0.4.13 347.81 WARN
r-devel-windows-ix86+x86_64 0.4.13 633.00 232.00 865.00 NOTE
r-patched-linux-x86_64 0.4.13 254.25 114.24 368.49 OK
r-release-linux-x86_64 0.4.13 238.99 114.89 353.88 OK
r-release-windows-ix86+x86_64 0.4.13 524.00 219.00 743.00 NOTE
r-release-osx-x86_64 0.4.13 NOTE
r-oldrel-windows-ix86+x86_64 0.4.13 480.00 175.00 655.00 NOTE
r-oldrel-osx-x86_64 0.4.13 ERROR

Check Details

Version: 0.4.13
Check: installed package size
Result: NOTE
     installed size is 9.9Mb
     sub-directories of 1Mb or more:
     doc 1.1Mb
     libs 7.8Mb
Flavors: r-devel-linux-x86_64-fedora-clang, r-devel-windows-ix86+x86_64, r-release-windows-ix86+x86_64, r-release-osx-x86_64, r-oldrel-windows-ix86+x86_64

Version: 0.4.13
Check: re-building of vignette outputs
Result: WARN
    Error in re-building vignettes:
     ...
    ! Use of \@startpbox doesn't match its definition.
    <inserted text> \@startpbox {
     |cp{10cm}|}
    l.530 \begin{tabular}{|cp{10cm}|}
    
    Error: processing vignette 'RProtoBuf-intro.Rmd' failed with diagnostics:
    Failed to compile RProtoBuf-intro.tex. See RProtoBuf-intro.log for more info.
    Execution halted
Flavors: r-devel-linux-x86_64-fedora-clang, r-devel-linux-x86_64-fedora-gcc

Version: 0.4.13
Check: whether package can be installed
Result: ERROR
    Installation failed.
Flavor: r-oldrel-osx-x86_64