CRAN Package Check Results for Package RProtoBuf

Last updated on 2018-06-20 12:48:51 CEST.

Flavor Version Tinstall Tcheck Ttotal Status Flags
r-devel-linux-x86_64-debian-clang 0.4.11 183.12 125.71 308.83 OK
r-devel-linux-x86_64-debian-gcc 0.4.11 166.45 98.46 264.91 OK
r-devel-linux-x86_64-fedora-clang 0.4.11 473.42 NOTE
r-devel-linux-x86_64-fedora-gcc 0.4.11 440.18 OK
r-devel-windows-ix86+x86_64 0.4.11 593.00 250.00 843.00 NOTE
r-patched-linux-x86_64 0.4.11 209.15 118.56 327.71 OK
r-release-linux-x86_64 0.4.11 200.46 119.35 319.81 OK
r-release-windows-ix86+x86_64 0.4.11 472.00 170.00 642.00 NOTE
r-release-osx-x86_64 0.4.11 NOTE
r-oldrel-windows-ix86+x86_64 0.4.11 612.00 173.00 785.00 NOTE
r-oldrel-osx-x86_64 0.4.11 NOTE

Check Details

Version: 0.4.11
Check: installed package size
Result: NOTE
     installed size is 9.4Mb
     sub-directories of 1Mb or more:
     doc 1.1Mb
     libs 7.3Mb
Flavors: r-devel-linux-x86_64-fedora-clang, r-devel-windows-ix86+x86_64, r-release-windows-ix86+x86_64, r-release-osx-x86_64, r-oldrel-windows-ix86+x86_64, r-oldrel-osx-x86_64