Last updated on 2023-09-22 23:53:24 CEST.
Flavor | Version | Tinstall | Tcheck | Ttotal | Status | Flags |
---|---|---|---|---|---|---|
r-devel-linux-x86_64-debian-clang | 0.4.20 | 330.57 | 66.60 | 397.17 | OK | |
r-devel-linux-x86_64-debian-gcc | 0.4.20 | 201.53 | 51.07 | 252.60 | OK | |
r-devel-linux-x86_64-fedora-clang | 0.4.20 | 590.48 | OK | |||
r-devel-linux-x86_64-fedora-gcc | 0.4.20 | 639.00 | OK | |||
r-devel-windows-x86_64 | 0.4.20 | 194.00 | 192.00 | 386.00 | NOTE | |
r-patched-linux-x86_64 | 0.4.20 | 321.97 | 65.03 | 387.00 | OK | |
r-release-linux-x86_64 | 0.4.20 | 327.73 | 65.43 | 393.16 | OK | |
r-release-macos-arm64 | 0.4.20 | 126.00 | NOTE | |||
r-release-macos-x86_64 | 0.4.20 | 236.00 | NOTE | |||
r-release-windows-x86_64 | 0.4.20 | 213.00 | 202.00 | 415.00 | NOTE | |
r-oldrel-macos-arm64 | 0.4.20 | 118.00 | NOTE | |||
r-oldrel-macos-x86_64 | 0.4.20 | 188.00 | NOTE | |||
r-oldrel-windows-x86_64 | 0.4.20 | 265.00 | 174.00 | 439.00 | OK |
Version: 0.4.20
Check: C++ specification
Result: NOTE
Specified C++11: please drop specification unless essential
Flavors: r-devel-windows-x86_64, r-release-windows-x86_64
Version: 0.4.20
Check: installed package size
Result: NOTE
installed size is 36.2Mb
sub-directories of 1Mb or more:
libs 34.8Mb
Flavors: r-release-macos-arm64, r-release-macos-x86_64, r-oldrel-macos-arm64, r-oldrel-macos-x86_64