Last updated on 2023-03-29 06:04:55 CEST.
Flavor | Version | Tinstall | Tcheck | Ttotal | Status | Flags |
---|---|---|---|---|---|---|
r-devel-linux-x86_64-debian-clang | 0.4.20 | 296.76 | 66.44 | 363.20 | OK | |
r-devel-linux-x86_64-debian-gcc | 0.4.20 | 222.37 | 50.86 | 273.23 | OK | |
r-devel-linux-x86_64-fedora-clang | 0.4.20 | 581.20 | OK | |||
r-devel-linux-x86_64-fedora-gcc | 0.4.20 | 558.74 | OK | |||
r-devel-windows-x86_64 | 0.4.20 | 380.00 | 0.00 | 380.00 | NOTE | |
r-patched-linux-x86_64 | 0.4.20 | 280.43 | 63.61 | 344.04 | OK | |
r-release-linux-x86_64 | 0.4.20 | 259.19 | 65.02 | 324.21 | OK | |
r-release-macos-arm64 | 0.4.20 | 131.00 | NOTE | |||
r-release-macos-x86_64 | 0.4.20 | 188.00 | NOTE | |||
r-release-windows-x86_64 | 0.4.20 | 368.00 | 210.00 | 578.00 | OK | |
r-oldrel-macos-arm64 | 0.4.20 | 130.00 | NOTE | |||
r-oldrel-macos-x86_64 | 0.4.20 | 200.00 | NOTE | |||
r-oldrel-windows-ix86+x86_64 | 0.4.20 | 743.00 | 176.00 | 919.00 | NOTE |
Version: 0.4.20
Check: C++ specification
Result: NOTE
Specified C++11: please drop specification unless essential
Flavor: r-devel-windows-x86_64
Version: 0.4.20
Check: installed package size
Result: NOTE
installed size is 36.3Mb
sub-directories of 1Mb or more:
libs 34.9Mb
Flavors: r-release-macos-arm64, r-release-macos-x86_64, r-oldrel-macos-arm64, r-oldrel-macos-x86_64, r-oldrel-windows-ix86+x86_64