CRAN Package Check Results for Package RPushbullet

Last updated on 2023-03-31 22:59:44 CEST.

Flavor Version Tinstall Tcheck Ttotal Status Flags
r-devel-linux-x86_64-debian-clang 0.3.4 2.73 27.64 30.37 OK
r-devel-linux-x86_64-debian-gcc 0.3.4 1.91 21.21 23.12 OK
r-devel-linux-x86_64-fedora-clang 0.3.4 37.34 OK
r-devel-linux-x86_64-fedora-gcc 0.3.4 38.10 OK
r-devel-windows-x86_64 0.3.4 21.00 0.00 21.00 OK
r-patched-linux-x86_64 0.3.4 2.06 26.17 28.23 OK
r-release-linux-x86_64 0.3.4 1.98 27.40 29.38 OK
r-release-macos-arm64 0.3.4 16.00 OK
r-release-macos-x86_64 0.3.4 24.00 OK
r-release-windows-x86_64 0.3.4 38.00 60.00 98.00 OK
r-oldrel-macos-arm64 0.3.4 24.00 OK
r-oldrel-macos-x86_64 0.3.4 31.00 OK
r-oldrel-windows-ix86+x86_64 0.3.4 6.00 52.00 58.00 NOTE

Check Details

Version: 0.3.4
Check: R code for possible problems
Result: NOTE
    Initiating curl with CURL_SSL_BACKEND: openssl
Flavor: r-oldrel-windows-ix86+x86_64