CRAN Package Check Results for Package RQDA

Last updated on 2018-06-20 11:50:30 CEST.

Flavor Version Tinstall Tcheck Ttotal Status Flags
r-devel-linux-x86_64-debian-clang 0.3-1 13.80 101.95 115.75 NOTE
r-devel-linux-x86_64-debian-gcc 0.3-1 12.46 78.86 91.32 NOTE
r-devel-linux-x86_64-fedora-clang 0.3-1 136.56 NOTE
r-devel-linux-x86_64-fedora-gcc 0.3-1 130.25 NOTE
r-devel-windows-ix86+x86_64 0.3-1 27.00 94.00 121.00 NOTE
r-patched-linux-x86_64 0.3-1 15.60 93.45 109.05 NOTE
r-patched-solaris-x86 0.3-1 177.90 NOTE
r-release-linux-x86_64 0.3-1 12.17 91.79 103.96 NOTE
r-release-windows-ix86+x86_64 0.3-1 17.00 101.00 118.00 NOTE
r-release-osx-x86_64 0.3-1 ERROR
r-oldrel-windows-ix86+x86_64 0.3-1 13.00 96.00 109.00 NOTE
r-oldrel-osx-x86_64 0.3-1 ERROR

Check Details

Version: 0.3-1
Check: package dependencies
Result: NOTE
    Package which this enhances but not available for checking: ‘rjpod’
Flavors: r-devel-linux-x86_64-debian-clang, r-devel-linux-x86_64-debian-gcc, r-devel-linux-x86_64-fedora-clang, r-devel-linux-x86_64-fedora-gcc, r-devel-windows-ix86+x86_64, r-patched-linux-x86_64, r-patched-solaris-x86, r-release-linux-x86_64, r-release-windows-ix86+x86_64, r-oldrel-windows-ix86+x86_64

Version: 0.3-1
Check: package dependencies
Result: ERROR
    Packages required but not available: ‘gWidgetsRGtk2’ ‘RGtk2’
    
    Package which this enhances but not available for checking: ‘rjpod’
    
    See section ‘The DESCRIPTION file’ in the ‘Writing R Extensions’
    manual.
Flavors: r-release-osx-x86_64, r-oldrel-osx-x86_64