CRAN Package Check Results for Package RQuantLib

Last updated on 2017-11-18 23:50:11.

Flavor Version Tinstall Tcheck Ttotal Status Flags
r-devel-linux-x86_64-debian-clang 0.4.4 414.18 64.52 478.70 OK
r-devel-linux-x86_64-debian-gcc 0.4.4 641.39 77.51 718.90 OK
r-devel-windows-ix86+x86_64 0.4.2 WARN
r-patched-linux-x86_64 0.4.4 631.05 75.08 706.13 OK
r-release-linux-x86_64 0.4.4 628.08 79.69 707.77 OK
r-release-windows-ix86+x86_64 0.4.2 1781.00 76.00 1857.00 WARN
r-release-osx-x86_64 0.4.4 ERROR
r-oldrel-windows-ix86+x86_64 0.4.2 1782.00 64.00 1846.00 WARN
r-oldrel-osx-x86_64 0.4.4 ERROR

Check Details

Version: 0.4.2
Check: whether package can be installed
Result: WARN
    Found the following significant warnings:
     d:/RCompile/CRANpkg/extralibs330/quantlib/ql/experimental/credit/randomdefaultlatentmodel.hpp:824:13: warning: this decimal constant is unsigned only in ISO C90
     d:/RCompile/CRANpkg/extralibs330/quantlib/ql/experimental/credit/randomdefaultlatentmodel.hpp:842:13: warning: this decimal constant is unsigned only in ISO C90
     d:/RCompile/CRANpkg/extralibs330/quantlib/ql/experimental/credit/randomlosslatentmodel.hpp:84:13: warning: this decimal constant is unsigned only in ISO C90
     d:/Rcompile/CRANpkg/extralibs330/quantlib/ql/experimental/credit/randomdefaultlatentmodel.hpp:824:13: warning: this decimal constant is unsigned only in ISO C90
     d:/Rcompile/CRANpkg/extralibs330/quantlib/ql/experimental/credit/randomdefaultlatentmodel.hpp:842:13: warning: this decimal constant is unsigned only in ISO C90
     d:/Rcompile/CRANpkg/extralibs330/quantlib/ql/experimental/credit/randomlosslatentmodel.hpp:84:13: warning: this decimal constant is unsigned only in ISO C90
Flavors: r-devel-windows-ix86+x86_64, r-release-windows-ix86+x86_64, r-oldrel-windows-ix86+x86_64

Version: 0.4.2
Check: installed package size
Result: NOTE
     installed size is 23.2Mb
     sub-directories of 1Mb or more:
     libs 22.8Mb
Flavors: r-devel-windows-ix86+x86_64, r-release-windows-ix86+x86_64, r-oldrel-windows-ix86+x86_64

Version: 0.4.4
Check: whether package can be installed
Result: ERROR
    Installation failed.
Flavors: r-release-osx-x86_64, r-oldrel-osx-x86_64