Last updated on 2023-09-24 08:58:28 CEST.
Flavor | Version | Tinstall | Tcheck | Ttotal | Status | Flags |
---|---|---|---|---|---|---|
r-devel-linux-x86_64-debian-clang | 0.4.19 | 723.60 | 59.41 | 783.01 | NOTE | |
r-devel-linux-x86_64-debian-gcc | 0.4.19 | 727.15 | 44.67 | 771.82 | NOTE | |
r-devel-linux-x86_64-fedora-gcc | 0.4.19 | 1636.15 | NOTE | |||
r-devel-windows-x86_64 | 0.4.19 | 826.00 | 144.00 | 970.00 | NOTE | |
r-patched-linux-x86_64 | 0.4.19 | 956.55 | 57.05 | 1013.60 | NOTE | |
r-release-linux-x86_64 | 0.4.19 | 959.53 | 57.50 | 1017.03 | NOTE | |
r-release-macos-arm64 | 0.4.19 | 194.00 | WARN | |||
r-release-macos-x86_64 | 0.4.19 | 228.00 | WARN | |||
r-release-windows-x86_64 | 0.4.19 | 1058.00 | 165.00 | 1223.00 | NOTE | |
r-oldrel-macos-arm64 | 0.4.19 | 183.00 | WARN | |||
r-oldrel-macos-x86_64 | 0.4.19 | 337.00 | NOTE | |||
r-oldrel-windows-x86_64 | 0.4.19 | 1001.00 | 162.00 | 1163.00 | NOTE |
Version: 0.4.19
Check: C++ specification
Result: NOTE
Specified C++14: please drop specification unless essential
Flavors: r-devel-linux-x86_64-debian-clang, r-devel-linux-x86_64-debian-gcc, r-devel-linux-x86_64-fedora-gcc, r-patched-linux-x86_64, r-release-linux-x86_64, r-release-macos-arm64, r-release-macos-x86_64
Version: 0.4.19
Check: installed package size
Result: NOTE
installed size is 14.2Mb
sub-directories of 1Mb or more:
libs 13.6Mb
Flavors: r-devel-windows-x86_64, r-release-macos-arm64, r-release-macos-x86_64, r-release-windows-x86_64, r-oldrel-macos-arm64, r-oldrel-macos-x86_64, r-oldrel-windows-x86_64
Version: 0.4.19
Check: whether package can be installed
Result: WARN
Found the following significant warnings:
/opt/R/arm64/include/boost/math/tools/config.hpp:23:6: warning: "The minimum language standard to use Boost.Math will be C++14 starting in July 2023 (Boost 1.82 release)" [-W#warnings]
# warning "The minimum language standard to use Boost.Math will be C++14 starting in July 2023 (Boost 1.82 release)"
See ‘/Volumes/Builds/packages/big-sur-arm64/results/4.3/RQuantLib.Rcheck/00install.out’ for details.
* used C++ compiler: ‘Apple clang version 14.0.0 (clang-1400.0.29.202)’
* used SDK: ‘MacOSX11.3.sdk’
Flavor: r-release-macos-arm64
Version: 0.4.19
Check: whether package can be installed
Result: WARN
Found the following significant warnings:
/opt/R/x86_64/include/boost/math/tools/config.hpp:23:6: warning: "The minimum language standard to use Boost.Math will be C++14 starting in July 2023 (Boost 1.82 release)" [-W#warnings]
# warning "The minimum language standard to use Boost.Math will be C++14 starting in July 2023 (Boost 1.82 release)"
See ‘/Volumes/Builds/packages/big-sur-x86_64/results/4.3/RQuantLib.Rcheck/00install.out’ for details.
* used C++ compiler: ‘Apple clang version 14.0.3 (clang-1403.0.22.14.1)’
* used SDK: ‘MacOSX11.3.sdk’
Flavor: r-release-macos-x86_64
Version: 0.4.19
Check: whether package can be installed
Result: WARN
Found the following significant warnings:
/opt/R/arm64/include/boost/math/tools/config.hpp:23:6: warning: "The minimum language standard to use Boost.Math will be C++14 starting in July 2023 (Boost 1.82 release)" [-W#warnings]
# warning "The minimum language standard to use Boost.Math will be C++14 starting in July 2023 (Boost 1.82 release)"
Flavor: r-oldrel-macos-arm64