CRAN Package Check Results for Package RQuantLib

Last updated on 2018-10-21 12:46:46 CEST.

Flavor Version Tinstall Tcheck Ttotal Status Flags
r-devel-linux-x86_64-debian-clang 0.4.5 624.20 105.29 729.49 OK
r-devel-linux-x86_64-debian-gcc 0.4.5 806.72 95.98 902.70 OK
r-devel-windows-ix86+x86_64 0.4.5 2868.00 257.00 3125.00 NOTE
r-patched-linux-x86_64 0.4.5 970.62 120.41 1091.03 OK
r-release-linux-x86_64 0.4.5 942.91 122.72 1065.63 NOTE
r-release-windows-ix86+x86_64 0.4.5 2802.00 214.00 3016.00 NOTE
r-release-osx-x86_64 0.4.5 ERROR
r-oldrel-windows-ix86+x86_64 0.4.5 2147.00 222.00 2369.00 NOTE
r-oldrel-osx-x86_64 0.4.5 ERROR

Check Details

Version: 0.4.5
Check: installed package size
Result: NOTE
     installed size is 27.0Mb
     sub-directories of 1Mb or more:
     libs 26.4Mb
Flavors: r-devel-windows-ix86+x86_64, r-release-windows-ix86+x86_64, r-oldrel-windows-ix86+x86_64

Version: 0.4.5
Check: package dependencies
Result: NOTE
    Package suggested but not available for checking: ‘rgl’
Flavor: r-release-linux-x86_64

Version: 0.4.5
Check: whether package can be installed
Result: ERROR
    Installation failed.
Flavors: r-release-osx-x86_64, r-oldrel-osx-x86_64