CRAN Package Check Results for Package RQuantLib

Last updated on 2019-01-22 17:50:27 CET.

Flavor Version Tinstall Tcheck Ttotal Status Flags
r-devel-linux-x86_64-debian-clang 0.4.7 591.13 104.86 695.99 OK
r-devel-linux-x86_64-debian-gcc 0.4.7 790.90 95.80 886.70 OK
r-devel-windows-ix86+x86_64 0.4.7 2790.00 224.00 3014.00 NOTE
r-patched-linux-x86_64 0.4.7 949.55 122.65 1072.20 OK
r-release-linux-x86_64 0.4.7 951.48 123.45 1074.93 OK
r-release-windows-ix86+x86_64 0.4.7 2893.00 223.00 3116.00 NOTE
r-release-osx-x86_64 0.4.7 ERROR
r-oldrel-windows-ix86+x86_64 0.4.7 2923.00 186.00 3109.00 NOTE
r-oldrel-osx-x86_64 0.4.7 ERROR

Check Details

Version: 0.4.7
Check: installed package size
Result: NOTE
     installed size is 27.5Mb
     sub-directories of 1Mb or more:
     libs 27.0Mb
Flavors: r-devel-windows-ix86+x86_64, r-release-windows-ix86+x86_64, r-oldrel-windows-ix86+x86_64

Version: 0.4.7
Check: whether package can be installed
Result: ERROR
    Installation failed.
Flavors: r-release-osx-x86_64, r-oldrel-osx-x86_64